{"id":176,"date":"2022-10-04T07:53:35","date_gmt":"2022-10-04T07:53:35","guid":{"rendered":"https:\/\/indjijatravel.rs\/eng\/?page_id=176"},"modified":"2022-10-07T04:14:25","modified_gmt":"2022-10-07T04:14:25","slug":"nature-krcedinska-ada","status":"publish","type":"page","link":"https:\/\/indjijatravel.rs\/eng\/nature-krcedinska-ada\/","title":{"rendered":"Nature: Kr\u010dedinska ada"},"content":{"rendered":"\n<h5 class=\"wp-block-heading\">Kr\u010dedinska ada<\/h5>\n\n\n\n<p>Kr\u010dedinska ada is a river island located on the left bank of the Danube, opposite the village of Kr\u010dedin. It is a very important part of the Special Nature Reserve &#8220;Koviljsko-Petrovaradinski rit&#8221; and is one of the most important river islands in the Danube region. With a shoreline about 10 km long and covering an area of \u200b\u200balmost 9 km, it belongs to the group of the largest Danube islands from the confluence of the Drava to the confluence of the Tisza into the Danube. Ada is a habitat of many rare species of plants and animals, a significant fish hatchery and has long been known for its numerous herds of horses, Podolian cattle, donkeys and sheep that graze on it.<\/p>\n\n\n\n<figure class=\"wp-block-gallery has-nested-images columns-3 is-cropped wp-block-gallery-1 is-layout-flex wp-block-gallery-is-layout-flex\">\n<figure class=\"wp-block-image size-large\"><img loading=\"lazy\" decoding=\"async\" width=\"770\" height=\"490\" data-id=\"457\" src=\"http:\/\/indjijatravel.rs\/eng\/wp-content\/uploads\/sites\/2\/2022\/10\/6-1-770x490-2.jpg\" alt=\"\" class=\"wp-image-457\" srcset=\"https:\/\/indjijatravel.rs\/eng\/wp-content\/uploads\/sites\/2\/2022\/10\/6-1-770x490-2.jpg 770w, https:\/\/indjijatravel.rs\/eng\/wp-content\/uploads\/sites\/2\/2022\/10\/6-1-770x490-2-300x191.jpg 300w, https:\/\/indjijatravel.rs\/eng\/wp-content\/uploads\/sites\/2\/2022\/10\/6-1-770x490-2-768x489.jpg 768w\" sizes=\"auto, (max-width: 770px) 100vw, 770px\" \/><\/figure>\n\n\n\n<figure class=\"wp-block-image size-large\"><img loading=\"lazy\" decoding=\"async\" width=\"770\" height=\"490\" data-id=\"455\" src=\"http:\/\/indjijatravel.rs\/eng\/wp-content\/uploads\/sites\/2\/2022\/10\/4-1-770x490-2.jpg\" alt=\"\" class=\"wp-image-455\" srcset=\"https:\/\/indjijatravel.rs\/eng\/wp-content\/uploads\/sites\/2\/2022\/10\/4-1-770x490-2.jpg 770w, https:\/\/indjijatravel.rs\/eng\/wp-content\/uploads\/sites\/2\/2022\/10\/4-1-770x490-2-300x191.jpg 300w, https:\/\/indjijatravel.rs\/eng\/wp-content\/uploads\/sites\/2\/2022\/10\/4-1-770x490-2-768x489.jpg 768w\" sizes=\"auto, (max-width: 770px) 100vw, 770px\" \/><\/figure>\n\n\n\n<figure class=\"wp-block-image size-large\"><img loading=\"lazy\" decoding=\"async\" width=\"770\" height=\"490\" data-id=\"453\" src=\"http:\/\/indjijatravel.rs\/eng\/wp-content\/uploads\/sites\/2\/2022\/10\/1-2-770x490-1.jpg\" alt=\"\" class=\"wp-image-453\" srcset=\"https:\/\/indjijatravel.rs\/eng\/wp-content\/uploads\/sites\/2\/2022\/10\/1-2-770x490-1.jpg 770w, https:\/\/indjijatravel.rs\/eng\/wp-content\/uploads\/sites\/2\/2022\/10\/1-2-770x490-1-300x191.jpg 300w, https:\/\/indjijatravel.rs\/eng\/wp-content\/uploads\/sites\/2\/2022\/10\/1-2-770x490-1-768x489.jpg 768w\" sizes=\"auto, (max-width: 770px) 100vw, 770px\" \/><\/figure>\n\n\n\n<figure class=\"wp-block-image size-large\"><img loading=\"lazy\" decoding=\"async\" width=\"770\" height=\"490\" data-id=\"454\" src=\"http:\/\/indjijatravel.rs\/eng\/wp-content\/uploads\/sites\/2\/2022\/10\/2-2-770x490-1.jpg\" alt=\"\" class=\"wp-image-454\" srcset=\"https:\/\/indjijatravel.rs\/eng\/wp-content\/uploads\/sites\/2\/2022\/10\/2-2-770x490-1.jpg 770w, https:\/\/indjijatravel.rs\/eng\/wp-content\/uploads\/sites\/2\/2022\/10\/2-2-770x490-1-300x191.jpg 300w, https:\/\/indjijatravel.rs\/eng\/wp-content\/uploads\/sites\/2\/2022\/10\/2-2-770x490-1-768x489.jpg 768w\" sizes=\"auto, (max-width: 770px) 100vw, 770px\" \/><\/figure>\n\n\n\n<figure class=\"wp-block-image size-large\"><img loading=\"lazy\" decoding=\"async\" width=\"770\" height=\"490\" data-id=\"459\" src=\"http:\/\/indjijatravel.rs\/eng\/wp-content\/uploads\/sites\/2\/2022\/10\/8-1-770x490-1.jpg\" alt=\"\" class=\"wp-image-459\" srcset=\"https:\/\/indjijatravel.rs\/eng\/wp-content\/uploads\/sites\/2\/2022\/10\/8-1-770x490-1.jpg 770w, https:\/\/indjijatravel.rs\/eng\/wp-content\/uploads\/sites\/2\/2022\/10\/8-1-770x490-1-300x191.jpg 300w, https:\/\/indjijatravel.rs\/eng\/wp-content\/uploads\/sites\/2\/2022\/10\/8-1-770x490-1-768x489.jpg 768w\" sizes=\"auto, (max-width: 770px) 100vw, 770px\" \/><\/figure>\n\n\n\n<figure class=\"wp-block-image size-large\"><img loading=\"lazy\" decoding=\"async\" width=\"770\" height=\"490\" data-id=\"460\" src=\"http:\/\/indjijatravel.rs\/eng\/wp-content\/uploads\/sites\/2\/2022\/10\/9-1-770x490-1.jpg\" alt=\"\" class=\"wp-image-460\" srcset=\"https:\/\/indjijatravel.rs\/eng\/wp-content\/uploads\/sites\/2\/2022\/10\/9-1-770x490-1.jpg 770w, https:\/\/indjijatravel.rs\/eng\/wp-content\/uploads\/sites\/2\/2022\/10\/9-1-770x490-1-300x191.jpg 300w, https:\/\/indjijatravel.rs\/eng\/wp-content\/uploads\/sites\/2\/2022\/10\/9-1-770x490-1-768x489.jpg 768w\" sizes=\"auto, (max-width: 770px) 100vw, 770px\" \/><\/figure>\n\n\n\n<figure class=\"wp-block-image size-large\"><img loading=\"lazy\" decoding=\"async\" width=\"770\" height=\"490\" data-id=\"456\" src=\"http:\/\/indjijatravel.rs\/eng\/wp-content\/uploads\/sites\/2\/2022\/10\/5-1-770x490-2.jpg\" alt=\"\" class=\"wp-image-456\" srcset=\"https:\/\/indjijatravel.rs\/eng\/wp-content\/uploads\/sites\/2\/2022\/10\/5-1-770x490-2.jpg 770w, https:\/\/indjijatravel.rs\/eng\/wp-content\/uploads\/sites\/2\/2022\/10\/5-1-770x490-2-300x191.jpg 300w, https:\/\/indjijatravel.rs\/eng\/wp-content\/uploads\/sites\/2\/2022\/10\/5-1-770x490-2-768x489.jpg 768w\" sizes=\"auto, (max-width: 770px) 100vw, 770px\" \/><\/figure>\n\n\n\n<figure class=\"wp-block-image size-large\"><img loading=\"lazy\" decoding=\"async\" width=\"770\" height=\"490\" data-id=\"461\" src=\"http:\/\/indjijatravel.rs\/eng\/wp-content\/uploads\/sites\/2\/2022\/10\/10-1-770x490-1.jpg\" alt=\"\" class=\"wp-image-461\" srcset=\"https:\/\/indjijatravel.rs\/eng\/wp-content\/uploads\/sites\/2\/2022\/10\/10-1-770x490-1.jpg 770w, https:\/\/indjijatravel.rs\/eng\/wp-content\/uploads\/sites\/2\/2022\/10\/10-1-770x490-1-300x191.jpg 300w, https:\/\/indjijatravel.rs\/eng\/wp-content\/uploads\/sites\/2\/2022\/10\/10-1-770x490-1-768x489.jpg 768w\" sizes=\"auto, (max-width: 770px) 100vw, 770px\" \/><\/figure>\n\n\n\n<figure class=\"wp-block-image size-large\"><img loading=\"lazy\" decoding=\"async\" width=\"770\" height=\"490\" data-id=\"458\" src=\"http:\/\/indjijatravel.rs\/eng\/wp-content\/uploads\/sites\/2\/2022\/10\/7-1-770x490-1.jpg\" alt=\"\" class=\"wp-image-458\" srcset=\"https:\/\/indjijatravel.rs\/eng\/wp-content\/uploads\/sites\/2\/2022\/10\/7-1-770x490-1.jpg 770w, https:\/\/indjijatravel.rs\/eng\/wp-content\/uploads\/sites\/2\/2022\/10\/7-1-770x490-1-300x191.jpg 300w, https:\/\/indjijatravel.rs\/eng\/wp-content\/uploads\/sites\/2\/2022\/10\/7-1-770x490-1-768x489.jpg 768w\" sizes=\"auto, (max-width: 770px) 100vw, 770px\" \/><\/figure>\n<\/figure>\n\n\n\n<p><\/p>\n\n\n\n<p>Owing to the traditional use of natural resources and the efforts of the local population to graze cattle on Kr\u010dedinska ada, wet habitats suitable for spawning and fish farming have been preserved, which also serve as the nutritional basis of all animals in this part of the Danube. On the north side, the island is surrounded by the Gardinovci Distributary (<em>Gardinova\u010dki rukavac<\/em>), which leads to the entire network of other distributaries and ponds, all of which significantly contribute to the attractiveness of the area and improve the experience of the visit. As such, Kr\u010dedinska ada is a real paradise for lovers of nature, ecology and photo safaris.<\/p>\n\n\n\n<p><strong>SPECIAL NATURE RESERVE &#8220;KOVILJSKO-PETROVARADINSKI RIT&#8221;<\/strong><\/p>\n\n\n\n<p>SNR &#8220;Koviljsko-Petrovaradinski rit&#8221; is the largest preserved marsh complex, which is located in the entire flood zone of the Danube, in its middle course through Serbia. The reserve consists of two separate wholes connected by the course of the Danube River. Petrovaradinski rit forms a smaller part of the Reserve and is located along the right bank of the Danube, while a much larger part of the Reserve, which is located along the left bank of the Danube, consists of Koviljski rit, which is connected to Kr\u010dedinska ada and a part of Gardinova\u010dki rit.<\/p>\n\n\n\n<p>SNR &#8220;Koviljsko-Petrovaradinski rit&#8221; covers 5895.3097 ha.<br>1<sup>st<\/sup> level of the protection regime is established on 375.7706 ha (6%)<br>2<sup>nd<\/sup> level II of the protection regime covers 1670.5449 ha (28%)<br>3<sup>rd<\/sup> level III of the protection regime covers 3849.4875 ha (66%).<\/p>\n\n\n\n<p>International status:<\/p>\n\n\n\n<p>&#8211; IBA (Important Bird Areas) &#8211; an internationally important area for birds<br>&#8211; ICPDR \u2013 SNR &#8220;Koviljsko-petrovaradinski rit&#8221; was included in the list of protected areas dependent on water and important for the Danube basin in 2004<br>&#8211; IPA (Important Plant Areas) &#8211; an internationally important botanical area<br>&#8211; NETWORK OF PROTECTED AREAS ON THE DANUBE (Network of Protected Areas&nbsp;along the&nbsp;Danube&nbsp;River)<br>&#8211; In 2007, it was included in the Network of Protected Areas along the Danube River<br>&#8211; RAMSAR AREA \u2013 included in the List of Wetland Areas of International Importance under the Ramsar Convention.<\/p>\n\n\n<div class=\"wp-block-image\">\n<figure class=\"aligncenter\"><img decoding=\"async\" src=\"http:\/\/indjijatravel.rs\/wp-content\/uploads\/2018\/12\/SRP-Koviljski-rit-karta-1600.jpg\" alt=\"\" class=\"wp-image-1707\"\/><\/figure>\n<\/div>\n\n\n<p><a href=\"http:\/\/indjijatravel.rs\/wp-content\/uploads\/2018\/12\/SRP-Koviljski-rit-karta-1600.jpg\" data-rel=\"lightbox-image-0\" data-rl_title=\"\" data-rl_caption=\"\" title=\"\"><\/a><\/p>\n\n\n\n<p>The main value:<\/p>\n\n\n\n<p>&#8211; Preservation and diversity of original orographic and hydrographic forms of wetlands, such as: river islands, of which Kr\u010dedinska ada is the largest and most important, old water distributaries, i.e. Dunavci, meanders, shallower and deeper depressions and ponds, as well as formations created by erosive and accumulative processes &#8211; preservation of ecosystem diversity characteristic of floodplains of large lowland rivers: wetland forests of English oak, ash and elm, black and white poplar forests, white willow forests, wet meadows, communities of cat grass, white and yellow water lilies, water chestnut, etc.<\/p>\n\n\n\n<p>&#8211; Diversity and wealth of flora: 443 taxa, authenticity is indicated by strictly protected and protected species, rare and endangered such as: danthonia, sweet flag, floating fern, water clover, lindernia, bladderwort, water violet, white and yellow water lily, water chestnut and 37 species of nationally and internationally protected species &#8211; natural fish hatchery.<\/p>\n\n\n\n<p>Text taken from the Provincial Institute for Nature Protection.<\/p>\n","protected":false},"excerpt":{"rendered":"<p>Kr\u010dedinska ada Kr\u010dedinska ada is a river island located on the left bank of the Danube, opposite the village of Kr\u010dedin. It is a very important part of the Special Nature Reserve &#8220;Koviljsko-Petrovaradinski rit&#8221; and is one of the most important river islands in the Danube region. With a shoreline about 10 km long and [&hellip;]<\/p>\n","protected":false},"author":1,"featured_media":0,"parent":0,"menu_order":0,"comment_status":"closed","ping_status":"closed","template":"","meta":{"_monsterinsights_skip_tracking":false,"_monsterinsights_sitenote_active":false,"_monsterinsights_sitenote_note":"","_monsterinsights_sitenote_category":0,"footnotes":""},"class_list":["post-176","page","type-page","status-publish","hentry","no-thumb"],"yoast_head":"<!-- This site is optimized with the Yoast SEO plugin v19.7.1 - https:\/\/yoast.com\/wordpress\/plugins\/seo\/ -->\n<title>Nature: Kr\u010dedinska ada - Tourist organization of the Municipality of In\u0111ija<\/title>\n<meta name=\"description\" content=\"Kr\u010dedinska ada is a river island located on the left bank of the Danube, opposite the village of Kr\u010dedin. It is a very important part of ...\" \/>\n<meta name=\"robots\" content=\"index, follow, max-snippet:-1, max-image-preview:large, max-video-preview:-1\" \/>\n<link rel=\"canonical\" href=\"https:\/\/indjijatravel.rs\/eng\/nature-krcedinska-ada\/\" \/>\n<meta property=\"og:locale\" content=\"en_US\" \/>\n<meta property=\"og:type\" content=\"article\" \/>\n<meta property=\"og:title\" content=\"Nature: Kr\u010dedinska ada - Tourist organization of the Municipality of In\u0111ija\" \/>\n<meta property=\"og:description\" content=\"Kr\u010dedinska ada is a river island located on the left bank of the Danube, opposite the village of Kr\u010dedin. It is a very important part of ...\" \/>\n<meta property=\"og:url\" content=\"https:\/\/indjijatravel.rs\/eng\/nature-krcedinska-ada\/\" \/>\n<meta property=\"og:site_name\" content=\"Tourist organization of the Municipality of In\u0111ija\" \/>\n<meta property=\"article:modified_time\" content=\"2022-10-07T04:14:25+00:00\" \/>\n<meta property=\"og:image\" content=\"http:\/\/indjijatravel.rs\/eng\/wp-content\/uploads\/sites\/2\/2022\/10\/6-1-770x490-2.jpg\" \/>\n<meta name=\"twitter:card\" content=\"summary_large_image\" \/>\n<meta name=\"twitter:label1\" content=\"Est. reading time\" \/>\n\t<meta name=\"twitter:data1\" content=\"5 minutes\" \/>\n<script type=\"application\/ld+json\" class=\"yoast-schema-graph\">{\"@context\":\"https:\/\/schema.org\",\"@graph\":[{\"@type\":\"WebPage\",\"@id\":\"https:\/\/indjijatravel.rs\/eng\/nature-krcedinska-ada\/\",\"url\":\"https:\/\/indjijatravel.rs\/eng\/nature-krcedinska-ada\/\",\"name\":\"Nature: Kr\u010dedinska ada - Tourist organization of the Municipality of In\u0111ija\",\"isPartOf\":{\"@id\":\"https:\/\/indjijatravel.rs\/eng\/#website\"},\"datePublished\":\"2022-10-04T07:53:35+00:00\",\"dateModified\":\"2022-10-07T04:14:25+00:00\",\"description\":\"Kr\u010dedinska ada is a river island located on the left bank of the Danube, opposite the village of Kr\u010dedin. It is a very important part of ...\",\"breadcrumb\":{\"@id\":\"https:\/\/indjijatravel.rs\/eng\/nature-krcedinska-ada\/#breadcrumb\"},\"inLanguage\":\"en-US\",\"potentialAction\":[{\"@type\":\"ReadAction\",\"target\":[\"https:\/\/indjijatravel.rs\/eng\/nature-krcedinska-ada\/\"]}]},{\"@type\":\"BreadcrumbList\",\"@id\":\"https:\/\/indjijatravel.rs\/eng\/nature-krcedinska-ada\/#breadcrumb\",\"itemListElement\":[{\"@type\":\"ListItem\",\"position\":1,\"name\":\"\u041f\u043e\u0447\u0435\u0442\u043d\u0430\",\"item\":\"https:\/\/indjijatravel.rs\/eng\/\"},{\"@type\":\"ListItem\",\"position\":2,\"name\":\"Nature: Kr\u010dedinska ada\"}]},{\"@type\":\"WebSite\",\"@id\":\"https:\/\/indjijatravel.rs\/eng\/#website\",\"url\":\"https:\/\/indjijatravel.rs\/eng\/\",\"name\":\"Tourist organization of the Municipality of In\u0111ija\",\"description\":\"\",\"potentialAction\":[{\"@type\":\"SearchAction\",\"target\":{\"@type\":\"EntryPoint\",\"urlTemplate\":\"https:\/\/indjijatravel.rs\/eng\/?s={search_term_string}\"},\"query-input\":\"required name=search_term_string\"}],\"inLanguage\":\"en-US\"}]}<\/script>\n<!-- \/ Yoast SEO plugin. -->","yoast_head_json":{"title":"Nature: Kr\u010dedinska ada - Tourist organization of the Municipality of In\u0111ija","description":"Kr\u010dedinska ada is a river island located on the left bank of the Danube, opposite the village of Kr\u010dedin. It is a very important part of ...","robots":{"index":"index","follow":"follow","max-snippet":"max-snippet:-1","max-image-preview":"max-image-preview:large","max-video-preview":"max-video-preview:-1"},"canonical":"https:\/\/indjijatravel.rs\/eng\/nature-krcedinska-ada\/","og_locale":"en_US","og_type":"article","og_title":"Nature: Kr\u010dedinska ada - Tourist organization of the Municipality of In\u0111ija","og_description":"Kr\u010dedinska ada is a river island located on the left bank of the Danube, opposite the village of Kr\u010dedin. It is a very important part of ...","og_url":"https:\/\/indjijatravel.rs\/eng\/nature-krcedinska-ada\/","og_site_name":"Tourist organization of the Municipality of In\u0111ija","article_modified_time":"2022-10-07T04:14:25+00:00","og_image":[{"url":"http:\/\/indjijatravel.rs\/eng\/wp-content\/uploads\/sites\/2\/2022\/10\/6-1-770x490-2.jpg"}],"twitter_card":"summary_large_image","twitter_misc":{"Est. reading time":"5 minutes"},"schema":{"@context":"https:\/\/schema.org","@graph":[{"@type":"WebPage","@id":"https:\/\/indjijatravel.rs\/eng\/nature-krcedinska-ada\/","url":"https:\/\/indjijatravel.rs\/eng\/nature-krcedinska-ada\/","name":"Nature: Kr\u010dedinska ada - Tourist organization of the Municipality of In\u0111ija","isPartOf":{"@id":"https:\/\/indjijatravel.rs\/eng\/#website"},"datePublished":"2022-10-04T07:53:35+00:00","dateModified":"2022-10-07T04:14:25+00:00","description":"Kr\u010dedinska ada is a river island located on the left bank of the Danube, opposite the village of Kr\u010dedin. It is a very important part of ...","breadcrumb":{"@id":"https:\/\/indjijatravel.rs\/eng\/nature-krcedinska-ada\/#breadcrumb"},"inLanguage":"en-US","potentialAction":[{"@type":"ReadAction","target":["https:\/\/indjijatravel.rs\/eng\/nature-krcedinska-ada\/"]}]},{"@type":"BreadcrumbList","@id":"https:\/\/indjijatravel.rs\/eng\/nature-krcedinska-ada\/#breadcrumb","itemListElement":[{"@type":"ListItem","position":1,"name":"\u041f\u043e\u0447\u0435\u0442\u043d\u0430","item":"https:\/\/indjijatravel.rs\/eng\/"},{"@type":"ListItem","position":2,"name":"Nature: Kr\u010dedinska ada"}]},{"@type":"WebSite","@id":"https:\/\/indjijatravel.rs\/eng\/#website","url":"https:\/\/indjijatravel.rs\/eng\/","name":"Tourist organization of the Municipality of In\u0111ija","description":"","potentialAction":[{"@type":"SearchAction","target":{"@type":"EntryPoint","urlTemplate":"https:\/\/indjijatravel.rs\/eng\/?s={search_term_string}"},"query-input":"required name=search_term_string"}],"inLanguage":"en-US"}]}},"_links":{"self":[{"href":"https:\/\/indjijatravel.rs\/eng\/wp-json\/wp\/v2\/pages\/176","targetHints":{"allow":["GET"]}}],"collection":[{"href":"https:\/\/indjijatravel.rs\/eng\/wp-json\/wp\/v2\/pages"}],"about":[{"href":"https:\/\/indjijatravel.rs\/eng\/wp-json\/wp\/v2\/types\/page"}],"author":[{"embeddable":true,"href":"https:\/\/indjijatravel.rs\/eng\/wp-json\/wp\/v2\/users\/1"}],"replies":[{"embeddable":true,"href":"https:\/\/indjijatravel.rs\/eng\/wp-json\/wp\/v2\/comments?post=176"}],"version-history":[{"count":4,"href":"https:\/\/indjijatravel.rs\/eng\/wp-json\/wp\/v2\/pages\/176\/revisions"}],"predecessor-version":[{"id":463,"href":"https:\/\/indjijatravel.rs\/eng\/wp-json\/wp\/v2\/pages\/176\/revisions\/463"}],"wp:attachment":[{"href":"https:\/\/indjijatravel.rs\/eng\/wp-json\/wp\/v2\/media?parent=176"}],"curies":[{"name":"wp","href":"https:\/\/api.w.org\/{rel}","templated":true}]}}