{"id":186,"date":"2022-10-04T08:29:27","date_gmt":"2022-10-04T08:29:27","guid":{"rendered":"https:\/\/indjijatravel.rs\/eng\/?page_id=186"},"modified":"2022-10-07T04:38:07","modified_gmt":"2022-10-07T04:38:07","slug":"culture-the-vojnovic-house","status":"publish","type":"page","link":"https:\/\/indjijatravel.rs\/eng\/culture-the-vojnovic-house\/","title":{"rendered":"Culture: The Vojnovi\u0107 House"},"content":{"rendered":"\n<h5 class=\"wp-block-heading\">The Vojnovi\u0107 House&nbsp;<\/h5>\n\n\n\n<p>The Vojnovi\u0107 House (<em>Ku\u0107a Vojnovi\u0107a<\/em>), built around 1873, is one of the rare preserved examples of civic architecture from the end of the 19<sup>th<\/sup> century. Due to its architectural and cultural values, it was declared a cultural monument of the third category by the Institute for the Protection of Cultural Monuments. With its authentic appearance, as well as the original interior, it testifies to the way of building and arranging living spaces in the mentioned period. Today, it hosts a gallery managed by the Cultural Centre of In\u0111ija, where various cultural events are organized.<\/p>\n\n\n\n<figure class=\"wp-block-gallery has-nested-images columns-3 is-cropped wp-block-gallery-1 is-layout-flex wp-block-gallery-is-layout-flex\">\n<figure class=\"wp-block-image size-large\"><img loading=\"lazy\" decoding=\"async\" width=\"770\" height=\"490\" data-id=\"528\" src=\"http:\/\/indjijatravel.rs\/eng\/wp-content\/uploads\/sites\/2\/2022\/10\/Kuca-Vojnovica-11-770x490-1.jpg\" alt=\"\" class=\"wp-image-528\" srcset=\"https:\/\/indjijatravel.rs\/eng\/wp-content\/uploads\/sites\/2\/2022\/10\/Kuca-Vojnovica-11-770x490-1.jpg 770w, https:\/\/indjijatravel.rs\/eng\/wp-content\/uploads\/sites\/2\/2022\/10\/Kuca-Vojnovica-11-770x490-1-300x191.jpg 300w, https:\/\/indjijatravel.rs\/eng\/wp-content\/uploads\/sites\/2\/2022\/10\/Kuca-Vojnovica-11-770x490-1-768x489.jpg 768w\" sizes=\"auto, (max-width: 770px) 100vw, 770px\" \/><\/figure>\n\n\n\n<figure class=\"wp-block-image size-large\"><img loading=\"lazy\" decoding=\"async\" width=\"770\" height=\"490\" data-id=\"529\" src=\"http:\/\/indjijatravel.rs\/eng\/wp-content\/uploads\/sites\/2\/2022\/10\/Kuca-Vojnovica-22-770x490-1.jpg\" alt=\"\" class=\"wp-image-529\" srcset=\"https:\/\/indjijatravel.rs\/eng\/wp-content\/uploads\/sites\/2\/2022\/10\/Kuca-Vojnovica-22-770x490-1.jpg 770w, https:\/\/indjijatravel.rs\/eng\/wp-content\/uploads\/sites\/2\/2022\/10\/Kuca-Vojnovica-22-770x490-1-300x191.jpg 300w, https:\/\/indjijatravel.rs\/eng\/wp-content\/uploads\/sites\/2\/2022\/10\/Kuca-Vojnovica-22-770x490-1-768x489.jpg 768w\" sizes=\"auto, (max-width: 770px) 100vw, 770px\" \/><\/figure>\n\n\n\n<figure class=\"wp-block-image size-large\"><img loading=\"lazy\" decoding=\"async\" width=\"770\" height=\"490\" data-id=\"531\" src=\"http:\/\/indjijatravel.rs\/eng\/wp-content\/uploads\/sites\/2\/2022\/10\/006_soba2-770x490-1.jpg\" alt=\"\" class=\"wp-image-531\" srcset=\"https:\/\/indjijatravel.rs\/eng\/wp-content\/uploads\/sites\/2\/2022\/10\/006_soba2-770x490-1.jpg 770w, https:\/\/indjijatravel.rs\/eng\/wp-content\/uploads\/sites\/2\/2022\/10\/006_soba2-770x490-1-300x191.jpg 300w, https:\/\/indjijatravel.rs\/eng\/wp-content\/uploads\/sites\/2\/2022\/10\/006_soba2-770x490-1-768x489.jpg 768w\" sizes=\"auto, (max-width: 770px) 100vw, 770px\" \/><\/figure>\n\n\n\n<figure class=\"wp-block-image size-large\"><img loading=\"lazy\" decoding=\"async\" width=\"770\" height=\"490\" data-id=\"530\" src=\"http:\/\/indjijatravel.rs\/eng\/wp-content\/uploads\/sites\/2\/2022\/10\/010_soba1-770x490-1.jpg\" alt=\"\" class=\"wp-image-530\" srcset=\"https:\/\/indjijatravel.rs\/eng\/wp-content\/uploads\/sites\/2\/2022\/10\/010_soba1-770x490-1.jpg 770w, https:\/\/indjijatravel.rs\/eng\/wp-content\/uploads\/sites\/2\/2022\/10\/010_soba1-770x490-1-300x191.jpg 300w, https:\/\/indjijatravel.rs\/eng\/wp-content\/uploads\/sites\/2\/2022\/10\/010_soba1-770x490-1-768x489.jpg 768w\" sizes=\"auto, (max-width: 770px) 100vw, 770px\" \/><\/figure>\n<\/figure>\n\n\n\n<p><\/p>\n\n\n\n<p>Contact:<br>Ku\u0107a Vojnovi\u0107a (The Vojnovi\u0107 House)<br>Cara Du\u0161ana 3, In\u0111ija<br><a href=\"http:\/\/kcindjija.rs\/\">www.kcindjija.rs<\/a><\/p>\n","protected":false},"excerpt":{"rendered":"<p>The Vojnovi\u0107 House&nbsp; The Vojnovi\u0107 House (Ku\u0107a Vojnovi\u0107a), built around 1873, is one of the rare preserved examples of civic architecture from the end of the 19th century. Due to its architectural and cultural values, it was declared a cultural monument of the third category by the Institute for the Protection of Cultural Monuments. With [&hellip;]<\/p>\n","protected":false},"author":1,"featured_media":0,"parent":0,"menu_order":0,"comment_status":"closed","ping_status":"closed","template":"","meta":{"_monsterinsights_skip_tracking":false,"_monsterinsights_sitenote_active":false,"_monsterinsights_sitenote_note":"","_monsterinsights_sitenote_category":0,"footnotes":""},"class_list":["post-186","page","type-page","status-publish","hentry","no-thumb"],"yoast_head":"<!-- This site is optimized with the Yoast SEO plugin v19.7.1 - https:\/\/yoast.com\/wordpress\/plugins\/seo\/ -->\n<title>Culture: The Vojnovi\u0107 House - Tourist organization of the Municipality of In\u0111ija<\/title>\n<meta name=\"description\" content=\"The Vojnovi\u0107 House (Ku\u0107a Vojnovi\u0107a), built around 1873, is one of the rare preserved examples of civic architecture from the end of the 19th..\" \/>\n<meta name=\"robots\" content=\"index, follow, max-snippet:-1, max-image-preview:large, max-video-preview:-1\" \/>\n<link rel=\"canonical\" href=\"https:\/\/indjijatravel.rs\/eng\/culture-the-vojnovic-house\/\" \/>\n<meta property=\"og:locale\" content=\"en_US\" \/>\n<meta property=\"og:type\" content=\"article\" \/>\n<meta property=\"og:title\" content=\"Culture: The Vojnovi\u0107 House - Tourist organization of the Municipality of In\u0111ija\" \/>\n<meta property=\"og:description\" content=\"The Vojnovi\u0107 House (Ku\u0107a Vojnovi\u0107a), built around 1873, is one of the rare preserved examples of civic architecture from the end of the 19th..\" \/>\n<meta property=\"og:url\" content=\"https:\/\/indjijatravel.rs\/eng\/culture-the-vojnovic-house\/\" \/>\n<meta property=\"og:site_name\" content=\"Tourist organization of the Municipality of In\u0111ija\" \/>\n<meta property=\"article:modified_time\" content=\"2022-10-07T04:38:07+00:00\" \/>\n<meta property=\"og:image\" content=\"http:\/\/indjijatravel.rs\/eng\/wp-content\/uploads\/sites\/2\/2022\/10\/Kuca-Vojnovica-11-770x490-1.jpg\" \/>\n<meta name=\"twitter:card\" content=\"summary_large_image\" \/>\n<meta name=\"twitter:label1\" content=\"Est. reading time\" \/>\n\t<meta name=\"twitter:data1\" content=\"2 minutes\" \/>\n<script type=\"application\/ld+json\" class=\"yoast-schema-graph\">{\"@context\":\"https:\/\/schema.org\",\"@graph\":[{\"@type\":\"WebPage\",\"@id\":\"https:\/\/indjijatravel.rs\/eng\/culture-the-vojnovic-house\/\",\"url\":\"https:\/\/indjijatravel.rs\/eng\/culture-the-vojnovic-house\/\",\"name\":\"Culture: The Vojnovi\u0107 House - Tourist organization of the Municipality of In\u0111ija\",\"isPartOf\":{\"@id\":\"https:\/\/indjijatravel.rs\/eng\/#website\"},\"datePublished\":\"2022-10-04T08:29:27+00:00\",\"dateModified\":\"2022-10-07T04:38:07+00:00\",\"description\":\"The Vojnovi\u0107 House (Ku\u0107a Vojnovi\u0107a), built around 1873, is one of the rare preserved examples of civic architecture from the end of the 19th..\",\"breadcrumb\":{\"@id\":\"https:\/\/indjijatravel.rs\/eng\/culture-the-vojnovic-house\/#breadcrumb\"},\"inLanguage\":\"en-US\",\"potentialAction\":[{\"@type\":\"ReadAction\",\"target\":[\"https:\/\/indjijatravel.rs\/eng\/culture-the-vojnovic-house\/\"]}]},{\"@type\":\"BreadcrumbList\",\"@id\":\"https:\/\/indjijatravel.rs\/eng\/culture-the-vojnovic-house\/#breadcrumb\",\"itemListElement\":[{\"@type\":\"ListItem\",\"position\":1,\"name\":\"\u041f\u043e\u0447\u0435\u0442\u043d\u0430\",\"item\":\"https:\/\/indjijatravel.rs\/eng\/\"},{\"@type\":\"ListItem\",\"position\":2,\"name\":\"Culture: The Vojnovi\u0107 House\"}]},{\"@type\":\"WebSite\",\"@id\":\"https:\/\/indjijatravel.rs\/eng\/#website\",\"url\":\"https:\/\/indjijatravel.rs\/eng\/\",\"name\":\"Tourist organization of the Municipality of In\u0111ija\",\"description\":\"\",\"potentialAction\":[{\"@type\":\"SearchAction\",\"target\":{\"@type\":\"EntryPoint\",\"urlTemplate\":\"https:\/\/indjijatravel.rs\/eng\/?s={search_term_string}\"},\"query-input\":\"required name=search_term_string\"}],\"inLanguage\":\"en-US\"}]}<\/script>\n<!-- \/ Yoast SEO plugin. -->","yoast_head_json":{"title":"Culture: The Vojnovi\u0107 House - Tourist organization of the Municipality of In\u0111ija","description":"The Vojnovi\u0107 House (Ku\u0107a Vojnovi\u0107a), built around 1873, is one of the rare preserved examples of civic architecture from the end of the 19th..","robots":{"index":"index","follow":"follow","max-snippet":"max-snippet:-1","max-image-preview":"max-image-preview:large","max-video-preview":"max-video-preview:-1"},"canonical":"https:\/\/indjijatravel.rs\/eng\/culture-the-vojnovic-house\/","og_locale":"en_US","og_type":"article","og_title":"Culture: The Vojnovi\u0107 House - Tourist organization of the Municipality of In\u0111ija","og_description":"The Vojnovi\u0107 House (Ku\u0107a Vojnovi\u0107a), built around 1873, is one of the rare preserved examples of civic architecture from the end of the 19th..","og_url":"https:\/\/indjijatravel.rs\/eng\/culture-the-vojnovic-house\/","og_site_name":"Tourist organization of the Municipality of In\u0111ija","article_modified_time":"2022-10-07T04:38:07+00:00","og_image":[{"url":"http:\/\/indjijatravel.rs\/eng\/wp-content\/uploads\/sites\/2\/2022\/10\/Kuca-Vojnovica-11-770x490-1.jpg"}],"twitter_card":"summary_large_image","twitter_misc":{"Est. reading time":"2 minutes"},"schema":{"@context":"https:\/\/schema.org","@graph":[{"@type":"WebPage","@id":"https:\/\/indjijatravel.rs\/eng\/culture-the-vojnovic-house\/","url":"https:\/\/indjijatravel.rs\/eng\/culture-the-vojnovic-house\/","name":"Culture: The Vojnovi\u0107 House - Tourist organization of the Municipality of In\u0111ija","isPartOf":{"@id":"https:\/\/indjijatravel.rs\/eng\/#website"},"datePublished":"2022-10-04T08:29:27+00:00","dateModified":"2022-10-07T04:38:07+00:00","description":"The Vojnovi\u0107 House (Ku\u0107a Vojnovi\u0107a), built around 1873, is one of the rare preserved examples of civic architecture from the end of the 19th..","breadcrumb":{"@id":"https:\/\/indjijatravel.rs\/eng\/culture-the-vojnovic-house\/#breadcrumb"},"inLanguage":"en-US","potentialAction":[{"@type":"ReadAction","target":["https:\/\/indjijatravel.rs\/eng\/culture-the-vojnovic-house\/"]}]},{"@type":"BreadcrumbList","@id":"https:\/\/indjijatravel.rs\/eng\/culture-the-vojnovic-house\/#breadcrumb","itemListElement":[{"@type":"ListItem","position":1,"name":"\u041f\u043e\u0447\u0435\u0442\u043d\u0430","item":"https:\/\/indjijatravel.rs\/eng\/"},{"@type":"ListItem","position":2,"name":"Culture: The Vojnovi\u0107 House"}]},{"@type":"WebSite","@id":"https:\/\/indjijatravel.rs\/eng\/#website","url":"https:\/\/indjijatravel.rs\/eng\/","name":"Tourist organization of the Municipality of In\u0111ija","description":"","potentialAction":[{"@type":"SearchAction","target":{"@type":"EntryPoint","urlTemplate":"https:\/\/indjijatravel.rs\/eng\/?s={search_term_string}"},"query-input":"required name=search_term_string"}],"inLanguage":"en-US"}]}},"_links":{"self":[{"href":"https:\/\/indjijatravel.rs\/eng\/wp-json\/wp\/v2\/pages\/186","targetHints":{"allow":["GET"]}}],"collection":[{"href":"https:\/\/indjijatravel.rs\/eng\/wp-json\/wp\/v2\/pages"}],"about":[{"href":"https:\/\/indjijatravel.rs\/eng\/wp-json\/wp\/v2\/types\/page"}],"author":[{"embeddable":true,"href":"https:\/\/indjijatravel.rs\/eng\/wp-json\/wp\/v2\/users\/1"}],"replies":[{"embeddable":true,"href":"https:\/\/indjijatravel.rs\/eng\/wp-json\/wp\/v2\/comments?post=186"}],"version-history":[{"count":2,"href":"https:\/\/indjijatravel.rs\/eng\/wp-json\/wp\/v2\/pages\/186\/revisions"}],"predecessor-version":[{"id":532,"href":"https:\/\/indjijatravel.rs\/eng\/wp-json\/wp\/v2\/pages\/186\/revisions\/532"}],"wp:attachment":[{"href":"https:\/\/indjijatravel.rs\/eng\/wp-json\/wp\/v2\/media?parent=186"}],"curies":[{"name":"wp","href":"https:\/\/api.w.org\/{rel}","templated":true}]}}