{"id":202,"date":"2022-10-04T11:30:54","date_gmt":"2022-10-04T11:30:54","guid":{"rendered":"https:\/\/indjijatravel.rs\/eng\/?page_id=202"},"modified":"2022-10-07T04:30:29","modified_gmt":"2022-10-07T04:30:29","slug":"the-celtic-village-in-indija","status":"publish","type":"page","link":"https:\/\/indjijatravel.rs\/eng\/the-celtic-village-in-indija\/","title":{"rendered":"The Celtic Village in In\u0111ija"},"content":{"rendered":"\n<h5 class=\"wp-block-heading\">THE CELTIC VILLAGE IN IN\u0110IJA<\/h5>\n\n\n\n<p>The Celtic Village is a thematic tourist complex located in the sports and recreational zone of In\u0111ija, at the entrance to the city from the direction of Novi Sad. Inspired by the life of the Celts in this area about 2300 years ago, the complex is fun and educational in character and is intended primarily for children. Inside the high, wooden fence of the complex, there are several types of Celtic houses, covered with reeds and made of wood and mud, which represent authentic Celtic households and craft workshops. In one of the houses, there is a mini museum with interesting exhibits, based on the material remains of the Celtic tribe Scordisci in the area of \u200b\u200bSrem.<\/p>\n\n\n\n<figure class=\"wp-block-gallery has-nested-images columns-default is-cropped wp-block-gallery-1 is-layout-flex wp-block-gallery-is-layout-flex\">\n<figure class=\"wp-block-image size-large\"><img loading=\"lazy\" decoding=\"async\" width=\"1996\" height=\"1496\" data-id=\"310\" src=\"http:\/\/indjijatravel.rs\/eng\/wp-content\/uploads\/sites\/2\/2022\/10\/dron.jpg\" alt=\"\" class=\"wp-image-310\" srcset=\"https:\/\/indjijatravel.rs\/eng\/wp-content\/uploads\/sites\/2\/2022\/10\/dron.jpg 1996w, https:\/\/indjijatravel.rs\/eng\/wp-content\/uploads\/sites\/2\/2022\/10\/dron-300x225.jpg 300w, https:\/\/indjijatravel.rs\/eng\/wp-content\/uploads\/sites\/2\/2022\/10\/dron-1024x767.jpg 1024w, https:\/\/indjijatravel.rs\/eng\/wp-content\/uploads\/sites\/2\/2022\/10\/dron-768x576.jpg 768w, https:\/\/indjijatravel.rs\/eng\/wp-content\/uploads\/sites\/2\/2022\/10\/dron-1536x1151.jpg 1536w\" sizes=\"auto, (max-width: 1996px) 100vw, 1996px\" \/><\/figure>\n<\/figure>\n\n\n\n<p><\/p>\n\n\n\n<p>Visitors to the Celtic Village are welcomed by costumed staff and expert guides who complete the whole experience with their story. Also, visitors can participate in numerous workshops and enjoy various outdoor activities.<\/p>\n\n\n\n<p>Contact:<br>Milorada Stoji\u0107a Gor\u010dila bb<br>065 425 38 83<br>office@keltskoselo.rs<br><a href=\"http:\/\/www.keltskoselo.rs\" target=\"_blank\" rel=\"noreferrer noopener\">www.keltskoselo.rs<\/a><\/p>\n","protected":false},"excerpt":{"rendered":"<p>THE CELTIC VILLAGE IN IN\u0110IJA The Celtic Village is a thematic tourist complex located in the sports and recreational zone of In\u0111ija, at the entrance to the city from the direction of Novi Sad. Inspired by the life of the Celts in this area about 2300 years ago, the complex is fun and educational in [&hellip;]<\/p>\n","protected":false},"author":1,"featured_media":310,"parent":0,"menu_order":0,"comment_status":"closed","ping_status":"closed","template":"","meta":{"_monsterinsights_skip_tracking":false,"_monsterinsights_sitenote_active":false,"_monsterinsights_sitenote_note":"","_monsterinsights_sitenote_category":0,"footnotes":""},"class_list":["post-202","page","type-page","status-publish","has-post-thumbnail","hentry","has-thumb"],"yoast_head":"<!-- This site is optimized with the Yoast SEO plugin v19.7.1 - https:\/\/yoast.com\/wordpress\/plugins\/seo\/ -->\n<title>The Celtic Village in In\u0111ija - Tourist organization of the Municipality of In\u0111ija<\/title>\n<meta name=\"description\" content=\"The Celtic Village is a thematic tourist complex located in the sports and recreational zone of In\u0111ija, at the entrance to the city from ...\" \/>\n<meta name=\"robots\" content=\"index, follow, max-snippet:-1, max-image-preview:large, max-video-preview:-1\" \/>\n<link rel=\"canonical\" href=\"https:\/\/indjijatravel.rs\/eng\/the-celtic-village-in-indija\/\" \/>\n<meta property=\"og:locale\" content=\"en_US\" \/>\n<meta property=\"og:type\" content=\"article\" \/>\n<meta property=\"og:title\" content=\"The Celtic Village in In\u0111ija - Tourist organization of the Municipality of In\u0111ija\" \/>\n<meta property=\"og:description\" content=\"The Celtic Village is a thematic tourist complex located in the sports and recreational zone of In\u0111ija, at the entrance to the city from ...\" \/>\n<meta property=\"og:url\" content=\"https:\/\/indjijatravel.rs\/eng\/the-celtic-village-in-indija\/\" \/>\n<meta property=\"og:site_name\" content=\"Tourist organization of the Municipality of In\u0111ija\" \/>\n<meta property=\"article:modified_time\" content=\"2022-10-07T04:30:29+00:00\" \/>\n<meta property=\"og:image\" content=\"https:\/\/indjijatravel.rs\/eng\/wp-content\/uploads\/sites\/2\/2022\/10\/dron.jpg\" \/>\n\t<meta property=\"og:image:width\" content=\"1996\" \/>\n\t<meta property=\"og:image:height\" content=\"1496\" \/>\n\t<meta property=\"og:image:type\" content=\"image\/jpeg\" \/>\n<meta name=\"twitter:card\" content=\"summary_large_image\" \/>\n<meta name=\"twitter:label1\" content=\"Est. reading time\" \/>\n\t<meta name=\"twitter:data1\" content=\"1 minute\" \/>\n<script type=\"application\/ld+json\" class=\"yoast-schema-graph\">{\"@context\":\"https:\/\/schema.org\",\"@graph\":[{\"@type\":\"WebPage\",\"@id\":\"https:\/\/indjijatravel.rs\/eng\/the-celtic-village-in-indija\/\",\"url\":\"https:\/\/indjijatravel.rs\/eng\/the-celtic-village-in-indija\/\",\"name\":\"The Celtic Village in In\u0111ija - Tourist organization of the Municipality of In\u0111ija\",\"isPartOf\":{\"@id\":\"https:\/\/indjijatravel.rs\/eng\/#website\"},\"datePublished\":\"2022-10-04T11:30:54+00:00\",\"dateModified\":\"2022-10-07T04:30:29+00:00\",\"description\":\"The Celtic Village is a thematic tourist complex located in the sports and recreational zone of In\u0111ija, at the entrance to the city from ...\",\"breadcrumb\":{\"@id\":\"https:\/\/indjijatravel.rs\/eng\/the-celtic-village-in-indija\/#breadcrumb\"},\"inLanguage\":\"en-US\",\"potentialAction\":[{\"@type\":\"ReadAction\",\"target\":[\"https:\/\/indjijatravel.rs\/eng\/the-celtic-village-in-indija\/\"]}]},{\"@type\":\"BreadcrumbList\",\"@id\":\"https:\/\/indjijatravel.rs\/eng\/the-celtic-village-in-indija\/#breadcrumb\",\"itemListElement\":[{\"@type\":\"ListItem\",\"position\":1,\"name\":\"\u041f\u043e\u0447\u0435\u0442\u043d\u0430\",\"item\":\"https:\/\/indjijatravel.rs\/eng\/\"},{\"@type\":\"ListItem\",\"position\":2,\"name\":\"The Celtic Village in In\u0111ija\"}]},{\"@type\":\"WebSite\",\"@id\":\"https:\/\/indjijatravel.rs\/eng\/#website\",\"url\":\"https:\/\/indjijatravel.rs\/eng\/\",\"name\":\"Tourist organization of the Municipality of In\u0111ija\",\"description\":\"\",\"potentialAction\":[{\"@type\":\"SearchAction\",\"target\":{\"@type\":\"EntryPoint\",\"urlTemplate\":\"https:\/\/indjijatravel.rs\/eng\/?s={search_term_string}\"},\"query-input\":\"required name=search_term_string\"}],\"inLanguage\":\"en-US\"}]}<\/script>\n<!-- \/ Yoast SEO plugin. -->","yoast_head_json":{"title":"The Celtic Village in In\u0111ija - Tourist organization of the Municipality of In\u0111ija","description":"The Celtic Village is a thematic tourist complex located in the sports and recreational zone of In\u0111ija, at the entrance to the city from ...","robots":{"index":"index","follow":"follow","max-snippet":"max-snippet:-1","max-image-preview":"max-image-preview:large","max-video-preview":"max-video-preview:-1"},"canonical":"https:\/\/indjijatravel.rs\/eng\/the-celtic-village-in-indija\/","og_locale":"en_US","og_type":"article","og_title":"The Celtic Village in In\u0111ija - Tourist organization of the Municipality of In\u0111ija","og_description":"The Celtic Village is a thematic tourist complex located in the sports and recreational zone of In\u0111ija, at the entrance to the city from ...","og_url":"https:\/\/indjijatravel.rs\/eng\/the-celtic-village-in-indija\/","og_site_name":"Tourist organization of the Municipality of In\u0111ija","article_modified_time":"2022-10-07T04:30:29+00:00","og_image":[{"width":1996,"height":1496,"url":"https:\/\/indjijatravel.rs\/eng\/wp-content\/uploads\/sites\/2\/2022\/10\/dron.jpg","type":"image\/jpeg"}],"twitter_card":"summary_large_image","twitter_misc":{"Est. reading time":"1 minute"},"schema":{"@context":"https:\/\/schema.org","@graph":[{"@type":"WebPage","@id":"https:\/\/indjijatravel.rs\/eng\/the-celtic-village-in-indija\/","url":"https:\/\/indjijatravel.rs\/eng\/the-celtic-village-in-indija\/","name":"The Celtic Village in In\u0111ija - Tourist organization of the Municipality of In\u0111ija","isPartOf":{"@id":"https:\/\/indjijatravel.rs\/eng\/#website"},"datePublished":"2022-10-04T11:30:54+00:00","dateModified":"2022-10-07T04:30:29+00:00","description":"The Celtic Village is a thematic tourist complex located in the sports and recreational zone of In\u0111ija, at the entrance to the city from ...","breadcrumb":{"@id":"https:\/\/indjijatravel.rs\/eng\/the-celtic-village-in-indija\/#breadcrumb"},"inLanguage":"en-US","potentialAction":[{"@type":"ReadAction","target":["https:\/\/indjijatravel.rs\/eng\/the-celtic-village-in-indija\/"]}]},{"@type":"BreadcrumbList","@id":"https:\/\/indjijatravel.rs\/eng\/the-celtic-village-in-indija\/#breadcrumb","itemListElement":[{"@type":"ListItem","position":1,"name":"\u041f\u043e\u0447\u0435\u0442\u043d\u0430","item":"https:\/\/indjijatravel.rs\/eng\/"},{"@type":"ListItem","position":2,"name":"The Celtic Village in In\u0111ija"}]},{"@type":"WebSite","@id":"https:\/\/indjijatravel.rs\/eng\/#website","url":"https:\/\/indjijatravel.rs\/eng\/","name":"Tourist organization of the Municipality of In\u0111ija","description":"","potentialAction":[{"@type":"SearchAction","target":{"@type":"EntryPoint","urlTemplate":"https:\/\/indjijatravel.rs\/eng\/?s={search_term_string}"},"query-input":"required name=search_term_string"}],"inLanguage":"en-US"}]}},"_links":{"self":[{"href":"https:\/\/indjijatravel.rs\/eng\/wp-json\/wp\/v2\/pages\/202","targetHints":{"allow":["GET"]}}],"collection":[{"href":"https:\/\/indjijatravel.rs\/eng\/wp-json\/wp\/v2\/pages"}],"about":[{"href":"https:\/\/indjijatravel.rs\/eng\/wp-json\/wp\/v2\/types\/page"}],"author":[{"embeddable":true,"href":"https:\/\/indjijatravel.rs\/eng\/wp-json\/wp\/v2\/users\/1"}],"replies":[{"embeddable":true,"href":"https:\/\/indjijatravel.rs\/eng\/wp-json\/wp\/v2\/comments?post=202"}],"version-history":[{"count":4,"href":"https:\/\/indjijatravel.rs\/eng\/wp-json\/wp\/v2\/pages\/202\/revisions"}],"predecessor-version":[{"id":501,"href":"https:\/\/indjijatravel.rs\/eng\/wp-json\/wp\/v2\/pages\/202\/revisions\/501"}],"wp:featuredmedia":[{"embeddable":true,"href":"https:\/\/indjijatravel.rs\/eng\/wp-json\/wp\/v2\/media\/310"}],"wp:attachment":[{"href":"https:\/\/indjijatravel.rs\/eng\/wp-json\/wp\/v2\/media?parent=202"}],"curies":[{"name":"wp","href":"https:\/\/api.w.org\/{rel}","templated":true}]}}