{"id":357,"date":"2022-10-06T12:29:41","date_gmt":"2022-10-06T12:29:41","guid":{"rendered":"http:\/\/indjijatravel.rs\/eng\/?page_id=357"},"modified":"2022-10-07T20:59:34","modified_gmt":"2022-10-07T20:59:34","slug":"video-gallery","status":"publish","type":"page","link":"https:\/\/indjijatravel.rs\/eng\/video-gallery\/","title":{"rendered":"Video gallery"},"content":{"rendered":"\n<h5 class=\"wp-block-heading\">Video gallery<\/h5>\n\n\n\n<figure class=\"wp-block-embed is-type-video is-provider-youtube wp-block-embed-youtube wp-embed-aspect-16-9 wp-has-aspect-ratio\"><div class=\"wp-block-embed__wrapper\">\n<iframe loading=\"lazy\" title=\"Do\u017eivi vi\u0161e od o\u010dekivanog. Do\u017eivi In\u0111iju\" width=\"710\" height=\"399\" src=\"https:\/\/www.youtube.com\/embed\/d7POHWhl3so?feature=oembed\" frameborder=\"0\" allow=\"accelerometer; autoplay; clipboard-write; encrypted-media; gyroscope; picture-in-picture\" allowfullscreen><\/iframe>\n<\/div><figcaption>&#8220;&#8221;EXPERIENCE MORE THAN EXPECTED. EXPERIENCE IN\u0110IJA&#8221;&#8221;<\/figcaption><\/figure>\n\n\n<h5>&nbsp;&nbsp;<\/h5>\n\n\n<figure class=\"wp-block-embed is-type-video is-provider-youtube wp-block-embed-youtube wp-embed-aspect-16-9 wp-has-aspect-ratio\"><div class=\"wp-block-embed__wrapper\">\n<iframe loading=\"lazy\" title=\"Keltsko selo u Indjiji\" width=\"710\" height=\"399\" src=\"https:\/\/www.youtube.com\/embed\/TT0mi5lxGKk?start=304&#038;feature=oembed\" frameborder=\"0\" allow=\"accelerometer; autoplay; clipboard-write; encrypted-media; gyroscope; picture-in-picture\" allowfullscreen><\/iframe>\n<\/div><figcaption>PROMO VIDEO &#8220;CELTIC VILLAGE&#8221;<\/figcaption><\/figure>\n\n\n<h5>\u00a0\u00a0<\/h5>\n\n\n<figure class=\"wp-block-embed is-type-video is-provider-youtube wp-block-embed-youtube wp-embed-aspect-16-9 wp-has-aspect-ratio\"><div class=\"wp-block-embed__wrapper\">\n<iframe loading=\"lazy\" title=\"2021. Godi\u0161nji film - Metamorfoza turizma In\u0111ije\" width=\"710\" height=\"399\" src=\"https:\/\/www.youtube.com\/embed\/1fyTep3gyDc?feature=oembed\" frameborder=\"0\" allow=\"accelerometer; autoplay; clipboard-write; encrypted-media; gyroscope; picture-in-picture\" allowfullscreen><\/iframe>\n<\/div><figcaption>FILM OF THE YEAR 2021 &#8220;THE METAMORPHOSIS OF IN\u0110IJA TOURISM&#8221;<\/figcaption><\/figure>\n\n\n<h5>&nbsp;&nbsp;<\/h5>\n\n\n<figure class=\"wp-block-embed is-type-video is-provider-youtube wp-block-embed-youtube wp-embed-aspect-16-9 wp-has-aspect-ratio\"><div class=\"wp-block-embed__wrapper\">\n<iframe loading=\"lazy\" title=\"Fotosafari na Kr\u010dedinskoj adi\" width=\"710\" height=\"399\" src=\"https:\/\/www.youtube.com\/embed\/-3KdWd1p8FA?feature=oembed\" frameborder=\"0\" allow=\"accelerometer; autoplay; clipboard-write; encrypted-media; gyroscope; picture-in-picture\" allowfullscreen><\/iframe>\n<\/div><figcaption>KR\u010cEDINSKA ADA<\/figcaption><\/figure>\n\n\n<h5>&nbsp;&nbsp;<\/h5>\n\n\n<figure class=\"wp-block-embed is-type-video is-provider-youtube wp-block-embed-youtube wp-embed-aspect-16-9 wp-has-aspect-ratio\"><div class=\"wp-block-embed__wrapper\">\n<iframe loading=\"lazy\" title=\"&quot;SRBIJA ZA PO\u010cETNIKE&quot; u epizodi &quot;IN\u0110IJA ZA PO\u010cETNIKE&quot;\" width=\"710\" height=\"399\" src=\"https:\/\/www.youtube.com\/embed\/CUCvn5XDvmY?feature=oembed\" frameborder=\"0\" allow=\"accelerometer; autoplay; clipboard-write; encrypted-media; gyroscope; picture-in-picture\" allowfullscreen><\/iframe>\n<\/div><figcaption>IN\u0110IJA FOR BEGINNERS<\/figcaption><\/figure>\n\n\n<h5>&nbsp;&nbsp;<\/h5>\n\n\n<figure class=\"wp-block-embed is-type-video is-provider-youtube wp-block-embed-youtube wp-embed-aspect-16-9 wp-has-aspect-ratio\"><div class=\"wp-block-embed__wrapper\">\n<iframe loading=\"lazy\" title=\"\u0415\u0442\u043d\u043e \u043a\u0443\u045b\u0430 \u0443 \u041c\u0430\u0440\u0430\u0434\u0438\u043a\u0443\" width=\"710\" height=\"399\" src=\"https:\/\/www.youtube.com\/embed\/guGxNYpZBzs?feature=oembed\" frameborder=\"0\" allow=\"accelerometer; autoplay; clipboard-write; encrypted-media; gyroscope; picture-in-picture\" allowfullscreen><\/iframe>\n<\/div><figcaption>ETHNO HOUSE IN MARADIK<\/figcaption><\/figure>\n\n\n<h5>&nbsp;&nbsp;<\/h5>\n\n\n<figure class=\"wp-block-embed is-type-video is-provider-youtube wp-block-embed-youtube wp-embed-aspect-16-9 wp-has-aspect-ratio\"><div class=\"wp-block-embed__wrapper\">\n<iframe loading=\"lazy\" title=\"Stari zanati u In\u0111iji - Pletenje pru\u0107a\" width=\"710\" height=\"399\" src=\"https:\/\/www.youtube.com\/embed\/QXABpwo2URA?feature=oembed\" frameborder=\"0\" allow=\"accelerometer; autoplay; clipboard-write; encrypted-media; gyroscope; picture-in-picture\" allowfullscreen><\/iframe>\n<\/div><figcaption>OLD CRAFTS IN IN\u0110IJA<\/figcaption><\/figure>\n\n\n<h5>&nbsp;&nbsp;<\/h5>\n\n\n<figure class=\"wp-block-embed is-type-video is-provider-youtube wp-block-embed-youtube wp-embed-aspect-16-9 wp-has-aspect-ratio\"><div class=\"wp-block-embed__wrapper\">\n<iframe loading=\"lazy\" title=\"Kulturista ep.  22 - Atila Bi\u010d Bo\u017eiji u In\u0111iji!\" width=\"710\" height=\"399\" src=\"https:\/\/www.youtube.com\/embed\/U9NSRw7AEc0?feature=oembed\" frameborder=\"0\" allow=\"accelerometer; autoplay; clipboard-write; encrypted-media; gyroscope; picture-in-picture\" allowfullscreen><\/iframe>\n<\/div><figcaption>ATILA BI\u010c BO\u017dIJI IN IN\u0110IJA<\/figcaption><\/figure>\n","protected":false},"excerpt":{"rendered":"<p>Video gallery &nbsp;&nbsp; \u00a0\u00a0 &nbsp;&nbsp; &nbsp;&nbsp; &nbsp;&nbsp; &nbsp;&nbsp; &nbsp;&nbsp;<\/p>\n","protected":false},"author":1,"featured_media":0,"parent":0,"menu_order":0,"comment_status":"closed","ping_status":"closed","template":"","meta":{"_monsterinsights_skip_tracking":false,"_monsterinsights_sitenote_active":false,"_monsterinsights_sitenote_note":"","_monsterinsights_sitenote_category":0,"footnotes":""},"class_list":["post-357","page","type-page","status-publish","hentry","no-thumb"],"yoast_head":"<!-- This site is optimized with the Yoast SEO plugin v19.7.1 - https:\/\/yoast.com\/wordpress\/plugins\/seo\/ -->\n<title>Video gallery - Tourist organization of the Municipality of In\u0111ija<\/title>\n<meta name=\"robots\" content=\"index, follow, max-snippet:-1, max-image-preview:large, max-video-preview:-1\" \/>\n<link rel=\"canonical\" href=\"https:\/\/indjijatravel.rs\/eng\/video-gallery\/\" \/>\n<meta property=\"og:locale\" content=\"en_US\" \/>\n<meta property=\"og:type\" content=\"article\" \/>\n<meta property=\"og:title\" content=\"Video gallery - Tourist organization of the Municipality of In\u0111ija\" \/>\n<meta property=\"og:description\" content=\"Video gallery &nbsp;&nbsp; \u00a0\u00a0 &nbsp;&nbsp; &nbsp;&nbsp; &nbsp;&nbsp; &nbsp;&nbsp; &nbsp;&nbsp;\" \/>\n<meta property=\"og:url\" content=\"https:\/\/indjijatravel.rs\/eng\/video-gallery\/\" \/>\n<meta property=\"og:site_name\" content=\"Tourist organization of the Municipality of In\u0111ija\" \/>\n<meta property=\"article:modified_time\" content=\"2022-10-07T20:59:34+00:00\" \/>\n<meta name=\"twitter:card\" content=\"summary_large_image\" \/>\n<meta name=\"twitter:label1\" content=\"Est. reading time\" \/>\n\t<meta name=\"twitter:data1\" content=\"1 minute\" \/>\n<script type=\"application\/ld+json\" class=\"yoast-schema-graph\">{\"@context\":\"https:\/\/schema.org\",\"@graph\":[{\"@type\":\"WebPage\",\"@id\":\"https:\/\/indjijatravel.rs\/eng\/video-gallery\/\",\"url\":\"https:\/\/indjijatravel.rs\/eng\/video-gallery\/\",\"name\":\"Video gallery - Tourist organization of the Municipality of In\u0111ija\",\"isPartOf\":{\"@id\":\"https:\/\/indjijatravel.rs\/eng\/#website\"},\"datePublished\":\"2022-10-06T12:29:41+00:00\",\"dateModified\":\"2022-10-07T20:59:34+00:00\",\"breadcrumb\":{\"@id\":\"https:\/\/indjijatravel.rs\/eng\/video-gallery\/#breadcrumb\"},\"inLanguage\":\"en-US\",\"potentialAction\":[{\"@type\":\"ReadAction\",\"target\":[\"https:\/\/indjijatravel.rs\/eng\/video-gallery\/\"]}]},{\"@type\":\"BreadcrumbList\",\"@id\":\"https:\/\/indjijatravel.rs\/eng\/video-gallery\/#breadcrumb\",\"itemListElement\":[{\"@type\":\"ListItem\",\"position\":1,\"name\":\"\u041f\u043e\u0447\u0435\u0442\u043d\u0430\",\"item\":\"https:\/\/indjijatravel.rs\/eng\/\"},{\"@type\":\"ListItem\",\"position\":2,\"name\":\"Video gallery\"}]},{\"@type\":\"WebSite\",\"@id\":\"https:\/\/indjijatravel.rs\/eng\/#website\",\"url\":\"https:\/\/indjijatravel.rs\/eng\/\",\"name\":\"Tourist organization of the Municipality of In\u0111ija\",\"description\":\"\",\"potentialAction\":[{\"@type\":\"SearchAction\",\"target\":{\"@type\":\"EntryPoint\",\"urlTemplate\":\"https:\/\/indjijatravel.rs\/eng\/?s={search_term_string}\"},\"query-input\":\"required name=search_term_string\"}],\"inLanguage\":\"en-US\"}]}<\/script>\n<!-- \/ Yoast SEO plugin. -->","yoast_head_json":{"title":"Video gallery - Tourist organization of the Municipality of In\u0111ija","robots":{"index":"index","follow":"follow","max-snippet":"max-snippet:-1","max-image-preview":"max-image-preview:large","max-video-preview":"max-video-preview:-1"},"canonical":"https:\/\/indjijatravel.rs\/eng\/video-gallery\/","og_locale":"en_US","og_type":"article","og_title":"Video gallery - Tourist organization of the Municipality of In\u0111ija","og_description":"Video gallery &nbsp;&nbsp; \u00a0\u00a0 &nbsp;&nbsp; &nbsp;&nbsp; &nbsp;&nbsp; &nbsp;&nbsp; &nbsp;&nbsp;","og_url":"https:\/\/indjijatravel.rs\/eng\/video-gallery\/","og_site_name":"Tourist organization of the Municipality of In\u0111ija","article_modified_time":"2022-10-07T20:59:34+00:00","twitter_card":"summary_large_image","twitter_misc":{"Est. reading time":"1 minute"},"schema":{"@context":"https:\/\/schema.org","@graph":[{"@type":"WebPage","@id":"https:\/\/indjijatravel.rs\/eng\/video-gallery\/","url":"https:\/\/indjijatravel.rs\/eng\/video-gallery\/","name":"Video gallery - Tourist organization of the Municipality of In\u0111ija","isPartOf":{"@id":"https:\/\/indjijatravel.rs\/eng\/#website"},"datePublished":"2022-10-06T12:29:41+00:00","dateModified":"2022-10-07T20:59:34+00:00","breadcrumb":{"@id":"https:\/\/indjijatravel.rs\/eng\/video-gallery\/#breadcrumb"},"inLanguage":"en-US","potentialAction":[{"@type":"ReadAction","target":["https:\/\/indjijatravel.rs\/eng\/video-gallery\/"]}]},{"@type":"BreadcrumbList","@id":"https:\/\/indjijatravel.rs\/eng\/video-gallery\/#breadcrumb","itemListElement":[{"@type":"ListItem","position":1,"name":"\u041f\u043e\u0447\u0435\u0442\u043d\u0430","item":"https:\/\/indjijatravel.rs\/eng\/"},{"@type":"ListItem","position":2,"name":"Video gallery"}]},{"@type":"WebSite","@id":"https:\/\/indjijatravel.rs\/eng\/#website","url":"https:\/\/indjijatravel.rs\/eng\/","name":"Tourist organization of the Municipality of In\u0111ija","description":"","potentialAction":[{"@type":"SearchAction","target":{"@type":"EntryPoint","urlTemplate":"https:\/\/indjijatravel.rs\/eng\/?s={search_term_string}"},"query-input":"required name=search_term_string"}],"inLanguage":"en-US"}]}},"_links":{"self":[{"href":"https:\/\/indjijatravel.rs\/eng\/wp-json\/wp\/v2\/pages\/357","targetHints":{"allow":["GET"]}}],"collection":[{"href":"https:\/\/indjijatravel.rs\/eng\/wp-json\/wp\/v2\/pages"}],"about":[{"href":"https:\/\/indjijatravel.rs\/eng\/wp-json\/wp\/v2\/types\/page"}],"author":[{"embeddable":true,"href":"https:\/\/indjijatravel.rs\/eng\/wp-json\/wp\/v2\/users\/1"}],"replies":[{"embeddable":true,"href":"https:\/\/indjijatravel.rs\/eng\/wp-json\/wp\/v2\/comments?post=357"}],"version-history":[{"count":2,"href":"https:\/\/indjijatravel.rs\/eng\/wp-json\/wp\/v2\/pages\/357\/revisions"}],"predecessor-version":[{"id":549,"href":"https:\/\/indjijatravel.rs\/eng\/wp-json\/wp\/v2\/pages\/357\/revisions\/549"}],"wp:attachment":[{"href":"https:\/\/indjijatravel.rs\/eng\/wp-json\/wp\/v2\/media?parent=357"}],"curies":[{"name":"wp","href":"https:\/\/api.w.org\/{rel}","templated":true}]}}