{"id":564,"date":"2022-10-21T07:30:29","date_gmt":"2022-10-21T07:30:29","guid":{"rendered":"https:\/\/indjijatravel.rs\/eng\/?page_id=564"},"modified":"2022-10-21T07:30:29","modified_gmt":"2022-10-21T07:30:29","slug":"indija","status":"publish","type":"page","link":"https:\/\/indjijatravel.rs\/eng\/indija\/","title":{"rendered":"In\u0111ija"},"content":{"rendered":"\n<h5 class=\"wp-block-heading\">IN\u0110IJA<\/h5>\n\n\n\n<p>In\u0111ija was mentioned in books around 1455 as the property of the noble family \u0160uljok from Lek\u010da, as Ingia or Ingya. The settlement was not small even then &#8211; it had a church and a castle. According to the data collected by the Turks keeping books on levies for the population, in 1596 there were 23 houses and one Widows&#8217; home.<\/p>\n\n\n\n<p>According to some writers, the name of the town originated from the Turkish word \u2018ikindia\u2019 &#8211; evening hour, the third daily prayer among the Muslims, which is performed after sunset. Others claim that the name originated from the Latin word \u2018indigena\u2019 meaning indigenous, native, host, based on the fact that the Roman conquerors gave it a name. Others assume that the name originated from the Old Latin word \u2018indago\u2019 &#8211; a fenced area for game.<\/p>\n\n\n\n<p>The first public building in In\u0111ija was the Orthodox church built in 1755. The cost of construction was covered by the fact that the elders went out to the crossroads in the early evening, when the plowmen were returning from the fields, and took two oxen from each who had six to eight oxen, and one from those who had fewer. Eighty years later, when the number of German Catholics in In\u0111ija increased to five hundred, the Roman Catholic church was built. The Synagogue, built during 1903 or 1904, burned down in the Second World War and the plot on which it was located was bought by one of the settlers.<\/p>\n\n\n\n<p>Various fairs began to be held in In\u0111ija at the beginning of the 19<sup>th<\/sup> century, at the time when the state postal service was established. The telegraph became operational in In\u0111ija in 1850, while the postal transfer of money began in 1886. The first bank was founded in 1897, as was the first trade school. The first power plant in In\u0111ija started operating in 1911.<\/p>\n\n\n\n<p>Industrial progress in In\u0111ija began with the establishment of mills during the middle of the 19<sup>th<\/sup> century. The first larger steam mill with a capacity of ten wheat vehicles per day was built by a company from Budapest in 1890. The mills were followed by brick factories, while the tradition in the production of carpets and furniture began in 1876.<\/p>\n\n\n\n<p>The urban core of In\u0111ija originated at the end of the 19<sup>th<\/sup> and the beginning of the 20<sup>th<\/sup> century, during the period of industrial development when the population of German nationality settled. At that time, the building of the Municipal Administration, the House of Vojnovi\u0107, the Roman Catholic Church of St. Peter and the Town House with eclectically shaped street fa\u00e7ades, with elements of Baroque, Classicism, Secession and Neo-renaissance, were built. Somewhat earlier, the Church of the Presentation of the Most Holy Mother of God was built, which according to its proportions is one of the most beautiful and harmonious buildings in Srem preserved from the 18<sup>th<\/sup> century.<\/p>\n\n\n\n<p>In\u0111ija, as the center of one of the most developed and well-organized municipalities in the country, owing to its accelerated development, has grown into a modern urban environment. With its new pedestrian zone with a monumental square, a modern building of the Cultural Center, flower arrangements and urban outdoor furniture, In\u0111ija is building the image of a European city tailored to the modern man.<\/p>\n\n\n\n<p>Vojvode Stepe St. passes through the central part of the city and is the main pedestrian zone. This exceptional ambient, a combination of modern and civic architecture from the end of the 19<sup>th<\/sup> century, is the main commercial and business zone of the city with numerous shops and cafes. The central place of the pedestrian zone is the square near the post office, where many important events are held today, such as concerts, festivals, theater performances and other events that enrich the cultural life of the city.<\/p>\n\n\n\n<p>It was in the center of In\u0111ija that rich industrialists, mostly Germans, who had factories outside the city, built their homes. In the 19<sup>th<\/sup> century, the houses were built mostly of adobe, the foundations were made of unfired brick, and the roof was covered with pepper tiles. The gables of these houses are decorated in rich Baroque &#8211; motifs of the Eye of God, the Sun with rays, the Moon, the Tree of Life etc. The surface of the fa\u00e7ade around the windows and doors is enriched with decorative elements of leaves, flowers, wreaths, spirals etc. The history of bygone days weaves a story at every step in the old core of this small town in Srem.<\/p>\n","protected":false},"excerpt":{"rendered":"<p>IN\u0110IJA In\u0111ija was mentioned in books around 1455 as the property of the noble family \u0160uljok from Lek\u010da, as Ingia or Ingya. The settlement was not small even then &#8211; it had a church and a castle. According to the data collected by the Turks keeping books on levies for the population, in 1596 there [&hellip;]<\/p>\n","protected":false},"author":1,"featured_media":0,"parent":0,"menu_order":0,"comment_status":"closed","ping_status":"closed","template":"","meta":{"_monsterinsights_skip_tracking":false,"_monsterinsights_sitenote_active":false,"_monsterinsights_sitenote_note":"","_monsterinsights_sitenote_category":0,"footnotes":""},"class_list":["post-564","page","type-page","status-publish","hentry","no-thumb"],"yoast_head":"<!-- This site is optimized with the Yoast SEO plugin v19.7.1 - https:\/\/yoast.com\/wordpress\/plugins\/seo\/ -->\n<title>In\u0111ija - Tourist organization of the Municipality of In\u0111ija<\/title>\n<meta name=\"description\" content=\"In\u0111ija was mentioned in books around 1455 as the property of the noble family \u0160uljok from Lek\u010da, as Ingia or Ingya. The settlement was not ...\" \/>\n<meta name=\"robots\" content=\"index, follow, max-snippet:-1, max-image-preview:large, max-video-preview:-1\" \/>\n<link rel=\"canonical\" href=\"https:\/\/indjijatravel.rs\/eng\/indija\/\" \/>\n<meta property=\"og:locale\" content=\"en_US\" \/>\n<meta property=\"og:type\" content=\"article\" \/>\n<meta property=\"og:title\" content=\"In\u0111ija - Tourist organization of the Municipality of In\u0111ija\" \/>\n<meta property=\"og:description\" content=\"In\u0111ija was mentioned in books around 1455 as the property of the noble family \u0160uljok from Lek\u010da, as Ingia or Ingya. The settlement was not ...\" \/>\n<meta property=\"og:url\" content=\"https:\/\/indjijatravel.rs\/eng\/indija\/\" \/>\n<meta property=\"og:site_name\" content=\"Tourist organization of the Municipality of In\u0111ija\" \/>\n<meta name=\"twitter:card\" content=\"summary_large_image\" \/>\n<meta name=\"twitter:label1\" content=\"Est. reading time\" \/>\n\t<meta name=\"twitter:data1\" content=\"4 minutes\" \/>\n<script type=\"application\/ld+json\" class=\"yoast-schema-graph\">{\"@context\":\"https:\/\/schema.org\",\"@graph\":[{\"@type\":\"WebPage\",\"@id\":\"https:\/\/indjijatravel.rs\/eng\/indija\/\",\"url\":\"https:\/\/indjijatravel.rs\/eng\/indija\/\",\"name\":\"In\u0111ija - Tourist organization of the Municipality of In\u0111ija\",\"isPartOf\":{\"@id\":\"https:\/\/indjijatravel.rs\/eng\/#website\"},\"datePublished\":\"2022-10-21T07:30:29+00:00\",\"dateModified\":\"2022-10-21T07:30:29+00:00\",\"description\":\"In\u0111ija was mentioned in books around 1455 as the property of the noble family \u0160uljok from Lek\u010da, as Ingia or Ingya. The settlement was not ...\",\"breadcrumb\":{\"@id\":\"https:\/\/indjijatravel.rs\/eng\/indija\/#breadcrumb\"},\"inLanguage\":\"en-US\",\"potentialAction\":[{\"@type\":\"ReadAction\",\"target\":[\"https:\/\/indjijatravel.rs\/eng\/indija\/\"]}]},{\"@type\":\"BreadcrumbList\",\"@id\":\"https:\/\/indjijatravel.rs\/eng\/indija\/#breadcrumb\",\"itemListElement\":[{\"@type\":\"ListItem\",\"position\":1,\"name\":\"\u041f\u043e\u0447\u0435\u0442\u043d\u0430\",\"item\":\"https:\/\/indjijatravel.rs\/eng\/\"},{\"@type\":\"ListItem\",\"position\":2,\"name\":\"In\u0111ija\"}]},{\"@type\":\"WebSite\",\"@id\":\"https:\/\/indjijatravel.rs\/eng\/#website\",\"url\":\"https:\/\/indjijatravel.rs\/eng\/\",\"name\":\"Tourist organization of the Municipality of In\u0111ija\",\"description\":\"\",\"potentialAction\":[{\"@type\":\"SearchAction\",\"target\":{\"@type\":\"EntryPoint\",\"urlTemplate\":\"https:\/\/indjijatravel.rs\/eng\/?s={search_term_string}\"},\"query-input\":\"required name=search_term_string\"}],\"inLanguage\":\"en-US\"}]}<\/script>\n<!-- \/ Yoast SEO plugin. -->","yoast_head_json":{"title":"In\u0111ija - Tourist organization of the Municipality of In\u0111ija","description":"In\u0111ija was mentioned in books around 1455 as the property of the noble family \u0160uljok from Lek\u010da, as Ingia or Ingya. The settlement was not ...","robots":{"index":"index","follow":"follow","max-snippet":"max-snippet:-1","max-image-preview":"max-image-preview:large","max-video-preview":"max-video-preview:-1"},"canonical":"https:\/\/indjijatravel.rs\/eng\/indija\/","og_locale":"en_US","og_type":"article","og_title":"In\u0111ija - Tourist organization of the Municipality of In\u0111ija","og_description":"In\u0111ija was mentioned in books around 1455 as the property of the noble family \u0160uljok from Lek\u010da, as Ingia or Ingya. The settlement was not ...","og_url":"https:\/\/indjijatravel.rs\/eng\/indija\/","og_site_name":"Tourist organization of the Municipality of In\u0111ija","twitter_card":"summary_large_image","twitter_misc":{"Est. reading time":"4 minutes"},"schema":{"@context":"https:\/\/schema.org","@graph":[{"@type":"WebPage","@id":"https:\/\/indjijatravel.rs\/eng\/indija\/","url":"https:\/\/indjijatravel.rs\/eng\/indija\/","name":"In\u0111ija - Tourist organization of the Municipality of In\u0111ija","isPartOf":{"@id":"https:\/\/indjijatravel.rs\/eng\/#website"},"datePublished":"2022-10-21T07:30:29+00:00","dateModified":"2022-10-21T07:30:29+00:00","description":"In\u0111ija was mentioned in books around 1455 as the property of the noble family \u0160uljok from Lek\u010da, as Ingia or Ingya. The settlement was not ...","breadcrumb":{"@id":"https:\/\/indjijatravel.rs\/eng\/indija\/#breadcrumb"},"inLanguage":"en-US","potentialAction":[{"@type":"ReadAction","target":["https:\/\/indjijatravel.rs\/eng\/indija\/"]}]},{"@type":"BreadcrumbList","@id":"https:\/\/indjijatravel.rs\/eng\/indija\/#breadcrumb","itemListElement":[{"@type":"ListItem","position":1,"name":"\u041f\u043e\u0447\u0435\u0442\u043d\u0430","item":"https:\/\/indjijatravel.rs\/eng\/"},{"@type":"ListItem","position":2,"name":"In\u0111ija"}]},{"@type":"WebSite","@id":"https:\/\/indjijatravel.rs\/eng\/#website","url":"https:\/\/indjijatravel.rs\/eng\/","name":"Tourist organization of the Municipality of In\u0111ija","description":"","potentialAction":[{"@type":"SearchAction","target":{"@type":"EntryPoint","urlTemplate":"https:\/\/indjijatravel.rs\/eng\/?s={search_term_string}"},"query-input":"required name=search_term_string"}],"inLanguage":"en-US"}]}},"_links":{"self":[{"href":"https:\/\/indjijatravel.rs\/eng\/wp-json\/wp\/v2\/pages\/564","targetHints":{"allow":["GET"]}}],"collection":[{"href":"https:\/\/indjijatravel.rs\/eng\/wp-json\/wp\/v2\/pages"}],"about":[{"href":"https:\/\/indjijatravel.rs\/eng\/wp-json\/wp\/v2\/types\/page"}],"author":[{"embeddable":true,"href":"https:\/\/indjijatravel.rs\/eng\/wp-json\/wp\/v2\/users\/1"}],"replies":[{"embeddable":true,"href":"https:\/\/indjijatravel.rs\/eng\/wp-json\/wp\/v2\/comments?post=564"}],"version-history":[{"count":1,"href":"https:\/\/indjijatravel.rs\/eng\/wp-json\/wp\/v2\/pages\/564\/revisions"}],"predecessor-version":[{"id":565,"href":"https:\/\/indjijatravel.rs\/eng\/wp-json\/wp\/v2\/pages\/564\/revisions\/565"}],"wp:attachment":[{"href":"https:\/\/indjijatravel.rs\/eng\/wp-json\/wp\/v2\/media?parent=564"}],"curies":[{"name":"wp","href":"https:\/\/api.w.org\/{rel}","templated":true}]}}