{"id":568,"date":"2022-10-21T07:33:42","date_gmt":"2022-10-21T07:33:42","guid":{"rendered":"https:\/\/indjijatravel.rs\/eng\/?page_id=568"},"modified":"2022-10-21T07:33:43","modified_gmt":"2022-10-21T07:33:43","slug":"jarkovci","status":"publish","type":"page","link":"https:\/\/indjijatravel.rs\/eng\/jarkovci\/","title":{"rendered":"Jarkovci"},"content":{"rendered":"\n<h5 class=\"wp-block-heading\">Jarkovci<\/h5>\n\n\n\n<p>The settlement of Jarkovci is located in the southwestern part of the municipality of In\u0111ija, on the southeastern slopes of Fru\u0161ka Gora. It is 7.5 kilometers away from the center of In\u0111ija by the regional road In\u0111ija-Ruma (R-109) or only 2.5 kilometers by the local road In\u0111ija-Jarkovci (L-22).<\/p>\n\n\n\n<p>The village stretches along Lake Jarkovci (<em>Jarkova\u010dko jezero<\/em>), which is located in the area of \u200b\u200bthe village of Ljukovo and is also known as Lake Ljukovo (<em>Ljukovsko jezero<\/em>). It is about two kilometers long, about 200 meters wide, and the average depth is about 4.5 meters. The reservoir was built during 1976 by dividing the stream to irrigate the surrounding crops. The earth dam is about seven meters high and about 180 meters long. Today, the lake is mostly used for outings, and it is most often visited by fishermen, especially in spring, late summer and autumn. The fishing permit issued by the Fishing Association of Vojvodina is valid for fishing on the lake. By marking the 5.5 kilometer long bicycle route, visitors were able to tour the circle around the lake, which partly leads through the village.<\/p>\n\n\n\n<p>At the end of the village, on the very shore of the lake, there is a summer house of Count Peja\u010devi\u0107, which was built at the beginning of the 20<sup>th <\/sup>century and is a kind of local attraction. Jarkovci is located in an area that once belonged to the noble family Peja\u010devi\u0107. In that period, the settlement was named Moja Volja (<em>My Will<\/em>). In the 1980s, the settlement changed its name from Moja Volja to Jarkovci.<\/p>\n\n\n\n<p>According to family tradition, the Peja\u010devi\u0107 family were descendants of the Bosnian king Stjepan Dabi\u0161a. However, this is just a beautiful family legend, because reliable historical sources can only be traced back to the middle of the 18<sup>th<\/sup> century, when the Peja\u010devi\u0107 family lived in Bulgaria. The Peja\u010devi\u0107 family were one of the initiators of the uprising against the Turks, so after its quelling they were forced to seek refuge on the territory of the Habsburg Monarchy. In their new homeland, due to their military merits for the imperial army and the Habsburg court, as well as marital alliances with the most powerful families of the Austro-Hungarian Empire and beyond, they gained wealth and power. In 1712, they received the hereditary Hungarian baronial title from the Habsburg court, and in 1772 the hereditary Hungarian title of count. The family reached the peak of their power and wealth in the 19<sup>th <\/sup>century, when the majority of their castles were built all over Slavonia and Srem.<\/p>\n","protected":false},"excerpt":{"rendered":"<p>Jarkovci The settlement of Jarkovci is located in the southwestern part of the municipality of In\u0111ija, on the southeastern slopes of Fru\u0161ka Gora. It is 7.5 kilometers away from the center of In\u0111ija by the regional road In\u0111ija-Ruma (R-109) or only 2.5 kilometers by the local road In\u0111ija-Jarkovci (L-22). The village stretches along Lake Jarkovci [&hellip;]<\/p>\n","protected":false},"author":1,"featured_media":0,"parent":0,"menu_order":0,"comment_status":"closed","ping_status":"closed","template":"","meta":{"_monsterinsights_skip_tracking":false,"_monsterinsights_sitenote_active":false,"_monsterinsights_sitenote_note":"","_monsterinsights_sitenote_category":0,"footnotes":""},"class_list":["post-568","page","type-page","status-publish","hentry","no-thumb"],"yoast_head":"<!-- This site is optimized with the Yoast SEO plugin v19.7.1 - https:\/\/yoast.com\/wordpress\/plugins\/seo\/ -->\n<title>Jarkovci - Tourist organization of the Municipality of In\u0111ija<\/title>\n<meta name=\"description\" content=\"The settlement of Jarkovci is located in the southwestern part of the municipality of In\u0111ija, on the southeastern slopes of Fru\u0161ka Gora ...\" \/>\n<meta name=\"robots\" content=\"index, follow, max-snippet:-1, max-image-preview:large, max-video-preview:-1\" \/>\n<link rel=\"canonical\" href=\"https:\/\/indjijatravel.rs\/eng\/jarkovci\/\" \/>\n<meta property=\"og:locale\" content=\"en_US\" \/>\n<meta property=\"og:type\" content=\"article\" \/>\n<meta property=\"og:title\" content=\"Jarkovci - Tourist organization of the Municipality of In\u0111ija\" \/>\n<meta property=\"og:description\" content=\"The settlement of Jarkovci is located in the southwestern part of the municipality of In\u0111ija, on the southeastern slopes of Fru\u0161ka Gora ...\" \/>\n<meta property=\"og:url\" content=\"https:\/\/indjijatravel.rs\/eng\/jarkovci\/\" \/>\n<meta property=\"og:site_name\" content=\"Tourist organization of the Municipality of In\u0111ija\" \/>\n<meta property=\"article:modified_time\" content=\"2022-10-21T07:33:43+00:00\" \/>\n<meta name=\"twitter:card\" content=\"summary_large_image\" \/>\n<meta name=\"twitter:label1\" content=\"Est. reading time\" \/>\n\t<meta name=\"twitter:data1\" content=\"2 minutes\" \/>\n<script type=\"application\/ld+json\" class=\"yoast-schema-graph\">{\"@context\":\"https:\/\/schema.org\",\"@graph\":[{\"@type\":\"WebPage\",\"@id\":\"https:\/\/indjijatravel.rs\/eng\/jarkovci\/\",\"url\":\"https:\/\/indjijatravel.rs\/eng\/jarkovci\/\",\"name\":\"Jarkovci - Tourist organization of the Municipality of In\u0111ija\",\"isPartOf\":{\"@id\":\"https:\/\/indjijatravel.rs\/eng\/#website\"},\"datePublished\":\"2022-10-21T07:33:42+00:00\",\"dateModified\":\"2022-10-21T07:33:43+00:00\",\"description\":\"The settlement of Jarkovci is located in the southwestern part of the municipality of In\u0111ija, on the southeastern slopes of Fru\u0161ka Gora ...\",\"breadcrumb\":{\"@id\":\"https:\/\/indjijatravel.rs\/eng\/jarkovci\/#breadcrumb\"},\"inLanguage\":\"en-US\",\"potentialAction\":[{\"@type\":\"ReadAction\",\"target\":[\"https:\/\/indjijatravel.rs\/eng\/jarkovci\/\"]}]},{\"@type\":\"BreadcrumbList\",\"@id\":\"https:\/\/indjijatravel.rs\/eng\/jarkovci\/#breadcrumb\",\"itemListElement\":[{\"@type\":\"ListItem\",\"position\":1,\"name\":\"\u041f\u043e\u0447\u0435\u0442\u043d\u0430\",\"item\":\"https:\/\/indjijatravel.rs\/eng\/\"},{\"@type\":\"ListItem\",\"position\":2,\"name\":\"Jarkovci\"}]},{\"@type\":\"WebSite\",\"@id\":\"https:\/\/indjijatravel.rs\/eng\/#website\",\"url\":\"https:\/\/indjijatravel.rs\/eng\/\",\"name\":\"Tourist organization of the Municipality of In\u0111ija\",\"description\":\"\",\"potentialAction\":[{\"@type\":\"SearchAction\",\"target\":{\"@type\":\"EntryPoint\",\"urlTemplate\":\"https:\/\/indjijatravel.rs\/eng\/?s={search_term_string}\"},\"query-input\":\"required name=search_term_string\"}],\"inLanguage\":\"en-US\"}]}<\/script>\n<!-- \/ Yoast SEO plugin. -->","yoast_head_json":{"title":"Jarkovci - Tourist organization of the Municipality of In\u0111ija","description":"The settlement of Jarkovci is located in the southwestern part of the municipality of In\u0111ija, on the southeastern slopes of Fru\u0161ka Gora ...","robots":{"index":"index","follow":"follow","max-snippet":"max-snippet:-1","max-image-preview":"max-image-preview:large","max-video-preview":"max-video-preview:-1"},"canonical":"https:\/\/indjijatravel.rs\/eng\/jarkovci\/","og_locale":"en_US","og_type":"article","og_title":"Jarkovci - Tourist organization of the Municipality of In\u0111ija","og_description":"The settlement of Jarkovci is located in the southwestern part of the municipality of In\u0111ija, on the southeastern slopes of Fru\u0161ka Gora ...","og_url":"https:\/\/indjijatravel.rs\/eng\/jarkovci\/","og_site_name":"Tourist organization of the Municipality of In\u0111ija","article_modified_time":"2022-10-21T07:33:43+00:00","twitter_card":"summary_large_image","twitter_misc":{"Est. reading time":"2 minutes"},"schema":{"@context":"https:\/\/schema.org","@graph":[{"@type":"WebPage","@id":"https:\/\/indjijatravel.rs\/eng\/jarkovci\/","url":"https:\/\/indjijatravel.rs\/eng\/jarkovci\/","name":"Jarkovci - Tourist organization of the Municipality of In\u0111ija","isPartOf":{"@id":"https:\/\/indjijatravel.rs\/eng\/#website"},"datePublished":"2022-10-21T07:33:42+00:00","dateModified":"2022-10-21T07:33:43+00:00","description":"The settlement of Jarkovci is located in the southwestern part of the municipality of In\u0111ija, on the southeastern slopes of Fru\u0161ka Gora ...","breadcrumb":{"@id":"https:\/\/indjijatravel.rs\/eng\/jarkovci\/#breadcrumb"},"inLanguage":"en-US","potentialAction":[{"@type":"ReadAction","target":["https:\/\/indjijatravel.rs\/eng\/jarkovci\/"]}]},{"@type":"BreadcrumbList","@id":"https:\/\/indjijatravel.rs\/eng\/jarkovci\/#breadcrumb","itemListElement":[{"@type":"ListItem","position":1,"name":"\u041f\u043e\u0447\u0435\u0442\u043d\u0430","item":"https:\/\/indjijatravel.rs\/eng\/"},{"@type":"ListItem","position":2,"name":"Jarkovci"}]},{"@type":"WebSite","@id":"https:\/\/indjijatravel.rs\/eng\/#website","url":"https:\/\/indjijatravel.rs\/eng\/","name":"Tourist organization of the Municipality of In\u0111ija","description":"","potentialAction":[{"@type":"SearchAction","target":{"@type":"EntryPoint","urlTemplate":"https:\/\/indjijatravel.rs\/eng\/?s={search_term_string}"},"query-input":"required name=search_term_string"}],"inLanguage":"en-US"}]}},"_links":{"self":[{"href":"https:\/\/indjijatravel.rs\/eng\/wp-json\/wp\/v2\/pages\/568","targetHints":{"allow":["GET"]}}],"collection":[{"href":"https:\/\/indjijatravel.rs\/eng\/wp-json\/wp\/v2\/pages"}],"about":[{"href":"https:\/\/indjijatravel.rs\/eng\/wp-json\/wp\/v2\/types\/page"}],"author":[{"embeddable":true,"href":"https:\/\/indjijatravel.rs\/eng\/wp-json\/wp\/v2\/users\/1"}],"replies":[{"embeddable":true,"href":"https:\/\/indjijatravel.rs\/eng\/wp-json\/wp\/v2\/comments?post=568"}],"version-history":[{"count":1,"href":"https:\/\/indjijatravel.rs\/eng\/wp-json\/wp\/v2\/pages\/568\/revisions"}],"predecessor-version":[{"id":569,"href":"https:\/\/indjijatravel.rs\/eng\/wp-json\/wp\/v2\/pages\/568\/revisions\/569"}],"wp:attachment":[{"href":"https:\/\/indjijatravel.rs\/eng\/wp-json\/wp\/v2\/media?parent=568"}],"curies":[{"name":"wp","href":"https:\/\/api.w.org\/{rel}","templated":true}]}}