{"id":633,"date":"2022-10-21T09:04:36","date_gmt":"2022-10-21T09:04:36","guid":{"rendered":"https:\/\/indjijatravel.rs\/eng\/?page_id=633"},"modified":"2022-10-21T09:59:16","modified_gmt":"2022-10-21T09:59:16","slug":"archaeological-site-mihaljevacka-suma","status":"publish","type":"page","link":"https:\/\/indjijatravel.rs\/eng\/archaeological-site-mihaljevacka-suma\/","title":{"rendered":"Archaeological site Mihaljeva\u010dka \u0161uma"},"content":{"rendered":"\n<h5 class=\"wp-block-heading\">Archaeological site Mihaljeva\u010dka \u0161uma<\/h5>\n\n\n\n<p><em><em>Traces of Rome in Srem<\/em><\/em><\/p>\n\n\n\n<p>The archaeological site &#8220;Mihaljeva\u010dka \u0161uma&#8221; (<em>the Forest of Mihaljevac<\/em>) is located near \u010cortanovci, on the site of Prosjanice, where the remains of a large Roman fortress are located. In 1991, the site was categorized as a site of great importance. <\/p>\n\n\n\n<p>Drilling excavations were carried out in 1960, during which a southeastern circular tower, 12m in diameter, 1.2m thick, about 3m high, built of stone, with rows of bricks was investigated. The tower has been preserved, but the remains, overgrown with forest, are barely visible today. The part of the south wall with the entrance gate where the two semi-towers were located was completely explored. The entire fortification with parts of the road and the cemetery collapsed during the landslide over the Danube, in the space of about five kilometers long and about one kilometer wide.<\/p>\n\n\n\n<figure class=\"wp-block-image size-large\"><img decoding=\"async\" src=\"http:\/\/indjijatravel.rs\/wp-content\/uploads\/2022\/05\/rimski-grad-tabla.jpg\" alt=\"\" class=\"wp-image-4546\"\/><\/figure>\n\n\n\n<p>There used to be a stone fortification of Castra Herculis, the largest in this part of the Danube Limes, which protected a wider stretch from Petrovaradin to Acumincum &#8211; Slankamen, and further to Surduk. Here, Hercules&#8217; army guarded the fortification from various hordes from the north of Europe. Judging by the coins found there, the fortification was most likely built at the end of the 3<sup>rd <\/sup>or the beginning of the 4<sup>th<\/sup> century. Before the end of the 4<sup>th <\/sup>century, it was destroyed by the Barbarians. Today, signposts have been set up through the forest, so tourists can visit the remains of the walls.<\/p>\n\n\n\n<p>In the wider area, towards the village of \u010cortanovci, a Roman necropolis, the remains of a villa and a medieval settlement were also found.<\/p>\n\n\n\n<p>Life in this place was partially restored during the Middle Ages, when a smaller settlement with a cemetery was formed, and a pottery workshop and two hoards were found.<\/p>\n","protected":false},"excerpt":{"rendered":"<p>Archaeological site Mihaljeva\u010dka \u0161uma Traces of Rome in Srem The archaeological site &#8220;Mihaljeva\u010dka \u0161uma&#8221; (the Forest of Mihaljevac) is located near \u010cortanovci, on the site of Prosjanice, where the remains of a large Roman fortress are located. In 1991, the site was categorized as a site of great importance. Drilling excavations were carried out in [&hellip;]<\/p>\n","protected":false},"author":1,"featured_media":0,"parent":0,"menu_order":0,"comment_status":"closed","ping_status":"closed","template":"","meta":{"_monsterinsights_skip_tracking":false,"_monsterinsights_sitenote_active":false,"_monsterinsights_sitenote_note":"","_monsterinsights_sitenote_category":0,"footnotes":""},"class_list":["post-633","page","type-page","status-publish","hentry","no-thumb"],"yoast_head":"<!-- This site is optimized with the Yoast SEO plugin v19.7.1 - https:\/\/yoast.com\/wordpress\/plugins\/seo\/ -->\n<title>Archaeological site Mihaljeva\u010dka \u0161uma - Tourist organization of the Municipality of In\u0111ija<\/title>\n<meta name=\"description\" content=\"The archaeological site &quot;Mihaljeva\u010dka \u0161uma&quot; (the Forest of Mihaljevac) is located near \u010cortanovci, on the site of Prosjanice, where ...\" \/>\n<meta name=\"robots\" content=\"index, follow, max-snippet:-1, max-image-preview:large, max-video-preview:-1\" \/>\n<link rel=\"canonical\" href=\"https:\/\/indjijatravel.rs\/eng\/archaeological-site-mihaljevacka-suma\/\" \/>\n<meta property=\"og:locale\" content=\"en_US\" \/>\n<meta property=\"og:type\" content=\"article\" \/>\n<meta property=\"og:title\" content=\"Archaeological site Mihaljeva\u010dka \u0161uma - Tourist organization of the Municipality of In\u0111ija\" \/>\n<meta property=\"og:description\" content=\"The archaeological site &quot;Mihaljeva\u010dka \u0161uma&quot; (the Forest of Mihaljevac) is located near \u010cortanovci, on the site of Prosjanice, where ...\" \/>\n<meta property=\"og:url\" content=\"https:\/\/indjijatravel.rs\/eng\/archaeological-site-mihaljevacka-suma\/\" \/>\n<meta property=\"og:site_name\" content=\"Tourist organization of the Municipality of In\u0111ija\" \/>\n<meta property=\"article:modified_time\" content=\"2022-10-21T09:59:16+00:00\" \/>\n<meta property=\"og:image\" content=\"http:\/\/indjijatravel.rs\/wp-content\/uploads\/2022\/05\/rimski-grad-tabla.jpg\" \/>\n<meta name=\"twitter:card\" content=\"summary_large_image\" \/>\n<meta name=\"twitter:label1\" content=\"Est. reading time\" \/>\n\t<meta name=\"twitter:data1\" content=\"2 minutes\" \/>\n<script type=\"application\/ld+json\" class=\"yoast-schema-graph\">{\"@context\":\"https:\/\/schema.org\",\"@graph\":[{\"@type\":\"WebPage\",\"@id\":\"https:\/\/indjijatravel.rs\/eng\/archaeological-site-mihaljevacka-suma\/\",\"url\":\"https:\/\/indjijatravel.rs\/eng\/archaeological-site-mihaljevacka-suma\/\",\"name\":\"Archaeological site Mihaljeva\u010dka \u0161uma - Tourist organization of the Municipality of In\u0111ija\",\"isPartOf\":{\"@id\":\"https:\/\/indjijatravel.rs\/eng\/#website\"},\"datePublished\":\"2022-10-21T09:04:36+00:00\",\"dateModified\":\"2022-10-21T09:59:16+00:00\",\"description\":\"The archaeological site \\\"Mihaljeva\u010dka \u0161uma\\\" (the Forest of Mihaljevac) is located near \u010cortanovci, on the site of Prosjanice, where ...\",\"breadcrumb\":{\"@id\":\"https:\/\/indjijatravel.rs\/eng\/archaeological-site-mihaljevacka-suma\/#breadcrumb\"},\"inLanguage\":\"en-US\",\"potentialAction\":[{\"@type\":\"ReadAction\",\"target\":[\"https:\/\/indjijatravel.rs\/eng\/archaeological-site-mihaljevacka-suma\/\"]}]},{\"@type\":\"BreadcrumbList\",\"@id\":\"https:\/\/indjijatravel.rs\/eng\/archaeological-site-mihaljevacka-suma\/#breadcrumb\",\"itemListElement\":[{\"@type\":\"ListItem\",\"position\":1,\"name\":\"\u041f\u043e\u0447\u0435\u0442\u043d\u0430\",\"item\":\"https:\/\/indjijatravel.rs\/eng\/\"},{\"@type\":\"ListItem\",\"position\":2,\"name\":\"Archaeological site Mihaljeva\u010dka \u0161uma\"}]},{\"@type\":\"WebSite\",\"@id\":\"https:\/\/indjijatravel.rs\/eng\/#website\",\"url\":\"https:\/\/indjijatravel.rs\/eng\/\",\"name\":\"Tourist organization of the Municipality of In\u0111ija\",\"description\":\"\",\"potentialAction\":[{\"@type\":\"SearchAction\",\"target\":{\"@type\":\"EntryPoint\",\"urlTemplate\":\"https:\/\/indjijatravel.rs\/eng\/?s={search_term_string}\"},\"query-input\":\"required name=search_term_string\"}],\"inLanguage\":\"en-US\"}]}<\/script>\n<!-- \/ Yoast SEO plugin. -->","yoast_head_json":{"title":"Archaeological site Mihaljeva\u010dka \u0161uma - Tourist organization of the Municipality of In\u0111ija","description":"The archaeological site \"Mihaljeva\u010dka \u0161uma\" (the Forest of Mihaljevac) is located near \u010cortanovci, on the site of Prosjanice, where ...","robots":{"index":"index","follow":"follow","max-snippet":"max-snippet:-1","max-image-preview":"max-image-preview:large","max-video-preview":"max-video-preview:-1"},"canonical":"https:\/\/indjijatravel.rs\/eng\/archaeological-site-mihaljevacka-suma\/","og_locale":"en_US","og_type":"article","og_title":"Archaeological site Mihaljeva\u010dka \u0161uma - Tourist organization of the Municipality of In\u0111ija","og_description":"The archaeological site \"Mihaljeva\u010dka \u0161uma\" (the Forest of Mihaljevac) is located near \u010cortanovci, on the site of Prosjanice, where ...","og_url":"https:\/\/indjijatravel.rs\/eng\/archaeological-site-mihaljevacka-suma\/","og_site_name":"Tourist organization of the Municipality of In\u0111ija","article_modified_time":"2022-10-21T09:59:16+00:00","og_image":[{"url":"http:\/\/indjijatravel.rs\/wp-content\/uploads\/2022\/05\/rimski-grad-tabla.jpg"}],"twitter_card":"summary_large_image","twitter_misc":{"Est. reading time":"2 minutes"},"schema":{"@context":"https:\/\/schema.org","@graph":[{"@type":"WebPage","@id":"https:\/\/indjijatravel.rs\/eng\/archaeological-site-mihaljevacka-suma\/","url":"https:\/\/indjijatravel.rs\/eng\/archaeological-site-mihaljevacka-suma\/","name":"Archaeological site Mihaljeva\u010dka \u0161uma - Tourist organization of the Municipality of In\u0111ija","isPartOf":{"@id":"https:\/\/indjijatravel.rs\/eng\/#website"},"datePublished":"2022-10-21T09:04:36+00:00","dateModified":"2022-10-21T09:59:16+00:00","description":"The archaeological site \"Mihaljeva\u010dka \u0161uma\" (the Forest of Mihaljevac) is located near \u010cortanovci, on the site of Prosjanice, where ...","breadcrumb":{"@id":"https:\/\/indjijatravel.rs\/eng\/archaeological-site-mihaljevacka-suma\/#breadcrumb"},"inLanguage":"en-US","potentialAction":[{"@type":"ReadAction","target":["https:\/\/indjijatravel.rs\/eng\/archaeological-site-mihaljevacka-suma\/"]}]},{"@type":"BreadcrumbList","@id":"https:\/\/indjijatravel.rs\/eng\/archaeological-site-mihaljevacka-suma\/#breadcrumb","itemListElement":[{"@type":"ListItem","position":1,"name":"\u041f\u043e\u0447\u0435\u0442\u043d\u0430","item":"https:\/\/indjijatravel.rs\/eng\/"},{"@type":"ListItem","position":2,"name":"Archaeological site Mihaljeva\u010dka \u0161uma"}]},{"@type":"WebSite","@id":"https:\/\/indjijatravel.rs\/eng\/#website","url":"https:\/\/indjijatravel.rs\/eng\/","name":"Tourist organization of the Municipality of In\u0111ija","description":"","potentialAction":[{"@type":"SearchAction","target":{"@type":"EntryPoint","urlTemplate":"https:\/\/indjijatravel.rs\/eng\/?s={search_term_string}"},"query-input":"required name=search_term_string"}],"inLanguage":"en-US"}]}},"_links":{"self":[{"href":"https:\/\/indjijatravel.rs\/eng\/wp-json\/wp\/v2\/pages\/633","targetHints":{"allow":["GET"]}}],"collection":[{"href":"https:\/\/indjijatravel.rs\/eng\/wp-json\/wp\/v2\/pages"}],"about":[{"href":"https:\/\/indjijatravel.rs\/eng\/wp-json\/wp\/v2\/types\/page"}],"author":[{"embeddable":true,"href":"https:\/\/indjijatravel.rs\/eng\/wp-json\/wp\/v2\/users\/1"}],"replies":[{"embeddable":true,"href":"https:\/\/indjijatravel.rs\/eng\/wp-json\/wp\/v2\/comments?post=633"}],"version-history":[{"count":2,"href":"https:\/\/indjijatravel.rs\/eng\/wp-json\/wp\/v2\/pages\/633\/revisions"}],"predecessor-version":[{"id":689,"href":"https:\/\/indjijatravel.rs\/eng\/wp-json\/wp\/v2\/pages\/633\/revisions\/689"}],"wp:attachment":[{"href":"https:\/\/indjijatravel.rs\/eng\/wp-json\/wp\/v2\/media?parent=633"}],"curies":[{"name":"wp","href":"https:\/\/api.w.org\/{rel}","templated":true}]}}