{"id":647,"date":"2022-10-21T09:27:17","date_gmt":"2022-10-21T09:27:17","guid":{"rendered":"https:\/\/indjijatravel.rs\/eng\/?page_id=647"},"modified":"2022-10-21T09:27:18","modified_gmt":"2022-10-21T09:27:18","slug":"birth-house-of-dorde-natosevic","status":"publish","type":"page","link":"https:\/\/indjijatravel.rs\/eng\/birth-house-of-dorde-natosevic\/","title":{"rendered":"Birth House of \u0110or\u0111e Nato\u0161evi\u0107"},"content":{"rendered":"\n<h5 class=\"wp-block-heading\">Birth House of \u0110or\u0111e Nato\u0161evi\u0107<\/h5>\n\n\n\n<p><em><em>The House of one of the Greatest Serbian Scientists<\/em><\/em><\/p>\n\n\n\n<p>\u0110or\u0111e Nato\u0161evi\u0107&#8217;s birth house is located on the banks of the Danube. It is assumed that it was built at the beginning of the 19<sup>th <\/sup>century as a ground floor building, almost square in shape, with simple fa\u00e7ades without decorations. The street fa\u00e7ade is dominated by a huge gable framed by a profiled plaster frame, divided by a profiled cornice in the middle.<\/p>\n\n\n\n<figure class=\"wp-block-image size-large\"><img decoding=\"async\" src=\"http:\/\/indjijatravel.rs\/wp-content\/uploads\/2022\/05\/rodna-kuca-djordja-natosevica.jpg\" alt=\"\" class=\"wp-image-4514\"\/><\/figure>\n\n\n\n<p>\u0110or\u0111e Nato\u0161evi\u0107 was born on 31 July 1821 in Stari Slankamen, where he finished elementary school. He enrolled in the Grammar School in Sremski Karlovci, completing medical studies in 1850.<\/p>\n\n\n\n<p>He was a famous doctor, the first writer of textbooks using Vuk&#8217;s spelling among Serbian people, the founder of the Teachers\u2019 Schools in Pakrac, Novi Sad, Karlovac and Pan\u010devo. He founded, edited and published the first Serbian pedagogical newspaper, School Gazette(<em>\u0160kolski list<\/em>), and the first Serbian children&#8217;s newspaper, &#8220;Friend of Serbian Youth&#8221; (<em>Prijatelj srpske mlade\u017ei<\/em>).<\/p>\n\n\n\n<p>He became the principal of the Novi Sad Grammar School in 1853. From that year on, he began to dedicate himself more and more to education and literature. As early as 1857, he became the imperial and royal school advisor in the administration of the Duchy in Timisoara and became the manager and supervisor of all Serbian schools in Vojvodina. He also worked as a clerk in the Ministry of Education of the Principality of Serbia, and was also the President of Matica Srpska.<\/p>\n\n\n\n<p>In 1996, the Assembly of Vojvodina established a recognition with his name for what he left behind, which is awarded to individuals for their creative contribution to the improvement of teaching. He died in 1887 and was buried with the greatest honors at the Assumption Cemetery in Novi Sad.<\/p>\n\n\n\n<p>The house was declared a Cultural Heritage of Great Importance in 1976, and categorized in 1991.<\/p>\n","protected":false},"excerpt":{"rendered":"<p>Birth House of \u0110or\u0111e Nato\u0161evi\u0107 The House of one of the Greatest Serbian Scientists \u0110or\u0111e Nato\u0161evi\u0107&#8217;s birth house is located on the banks of the Danube. It is assumed that it was built at the beginning of the 19th century as a ground floor building, almost square in shape, with simple fa\u00e7ades without decorations. The [&hellip;]<\/p>\n","protected":false},"author":1,"featured_media":0,"parent":0,"menu_order":0,"comment_status":"closed","ping_status":"closed","template":"","meta":{"_monsterinsights_skip_tracking":false,"_monsterinsights_sitenote_active":false,"_monsterinsights_sitenote_note":"","_monsterinsights_sitenote_category":0,"footnotes":""},"class_list":["post-647","page","type-page","status-publish","hentry","no-thumb"],"yoast_head":"<!-- This site is optimized with the Yoast SEO plugin v19.7.1 - https:\/\/yoast.com\/wordpress\/plugins\/seo\/ -->\n<title>Birth House of \u0110or\u0111e Nato\u0161evi\u0107 - Tourist organization of the Municipality of In\u0111ija<\/title>\n<meta name=\"description\" content=\"\u0110or\u0111e Nato\u0161evi\u0107&#039;s birth house is located on the banks of the Danube. It is assumed that it was built at the beginning of the 19th century ...\" \/>\n<meta name=\"robots\" content=\"index, follow, max-snippet:-1, max-image-preview:large, max-video-preview:-1\" \/>\n<link rel=\"canonical\" href=\"https:\/\/indjijatravel.rs\/eng\/birth-house-of-dorde-natosevic\/\" \/>\n<meta property=\"og:locale\" content=\"en_US\" \/>\n<meta property=\"og:type\" content=\"article\" \/>\n<meta property=\"og:title\" content=\"Birth House of \u0110or\u0111e Nato\u0161evi\u0107 - Tourist organization of the Municipality of In\u0111ija\" \/>\n<meta property=\"og:description\" content=\"\u0110or\u0111e Nato\u0161evi\u0107&#039;s birth house is located on the banks of the Danube. It is assumed that it was built at the beginning of the 19th century ...\" \/>\n<meta property=\"og:url\" content=\"https:\/\/indjijatravel.rs\/eng\/birth-house-of-dorde-natosevic\/\" \/>\n<meta property=\"og:site_name\" content=\"Tourist organization of the Municipality of In\u0111ija\" \/>\n<meta property=\"article:modified_time\" content=\"2022-10-21T09:27:18+00:00\" \/>\n<meta property=\"og:image\" content=\"http:\/\/indjijatravel.rs\/wp-content\/uploads\/2022\/05\/rodna-kuca-djordja-natosevica.jpg\" \/>\n<meta name=\"twitter:card\" content=\"summary_large_image\" \/>\n<meta name=\"twitter:label1\" content=\"Est. reading time\" \/>\n\t<meta name=\"twitter:data1\" content=\"2 minutes\" \/>\n<script type=\"application\/ld+json\" class=\"yoast-schema-graph\">{\"@context\":\"https:\/\/schema.org\",\"@graph\":[{\"@type\":\"WebPage\",\"@id\":\"https:\/\/indjijatravel.rs\/eng\/birth-house-of-dorde-natosevic\/\",\"url\":\"https:\/\/indjijatravel.rs\/eng\/birth-house-of-dorde-natosevic\/\",\"name\":\"Birth House of \u0110or\u0111e Nato\u0161evi\u0107 - Tourist organization of the Municipality of In\u0111ija\",\"isPartOf\":{\"@id\":\"https:\/\/indjijatravel.rs\/eng\/#website\"},\"datePublished\":\"2022-10-21T09:27:17+00:00\",\"dateModified\":\"2022-10-21T09:27:18+00:00\",\"description\":\"\u0110or\u0111e Nato\u0161evi\u0107's birth house is located on the banks of the Danube. It is assumed that it was built at the beginning of the 19th century ...\",\"breadcrumb\":{\"@id\":\"https:\/\/indjijatravel.rs\/eng\/birth-house-of-dorde-natosevic\/#breadcrumb\"},\"inLanguage\":\"en-US\",\"potentialAction\":[{\"@type\":\"ReadAction\",\"target\":[\"https:\/\/indjijatravel.rs\/eng\/birth-house-of-dorde-natosevic\/\"]}]},{\"@type\":\"BreadcrumbList\",\"@id\":\"https:\/\/indjijatravel.rs\/eng\/birth-house-of-dorde-natosevic\/#breadcrumb\",\"itemListElement\":[{\"@type\":\"ListItem\",\"position\":1,\"name\":\"\u041f\u043e\u0447\u0435\u0442\u043d\u0430\",\"item\":\"https:\/\/indjijatravel.rs\/eng\/\"},{\"@type\":\"ListItem\",\"position\":2,\"name\":\"Birth House of \u0110or\u0111e Nato\u0161evi\u0107\"}]},{\"@type\":\"WebSite\",\"@id\":\"https:\/\/indjijatravel.rs\/eng\/#website\",\"url\":\"https:\/\/indjijatravel.rs\/eng\/\",\"name\":\"Tourist organization of the Municipality of In\u0111ija\",\"description\":\"\",\"potentialAction\":[{\"@type\":\"SearchAction\",\"target\":{\"@type\":\"EntryPoint\",\"urlTemplate\":\"https:\/\/indjijatravel.rs\/eng\/?s={search_term_string}\"},\"query-input\":\"required name=search_term_string\"}],\"inLanguage\":\"en-US\"}]}<\/script>\n<!-- \/ Yoast SEO plugin. -->","yoast_head_json":{"title":"Birth House of \u0110or\u0111e Nato\u0161evi\u0107 - Tourist organization of the Municipality of In\u0111ija","description":"\u0110or\u0111e Nato\u0161evi\u0107's birth house is located on the banks of the Danube. It is assumed that it was built at the beginning of the 19th century ...","robots":{"index":"index","follow":"follow","max-snippet":"max-snippet:-1","max-image-preview":"max-image-preview:large","max-video-preview":"max-video-preview:-1"},"canonical":"https:\/\/indjijatravel.rs\/eng\/birth-house-of-dorde-natosevic\/","og_locale":"en_US","og_type":"article","og_title":"Birth House of \u0110or\u0111e Nato\u0161evi\u0107 - Tourist organization of the Municipality of In\u0111ija","og_description":"\u0110or\u0111e Nato\u0161evi\u0107's birth house is located on the banks of the Danube. It is assumed that it was built at the beginning of the 19th century ...","og_url":"https:\/\/indjijatravel.rs\/eng\/birth-house-of-dorde-natosevic\/","og_site_name":"Tourist organization of the Municipality of In\u0111ija","article_modified_time":"2022-10-21T09:27:18+00:00","og_image":[{"url":"http:\/\/indjijatravel.rs\/wp-content\/uploads\/2022\/05\/rodna-kuca-djordja-natosevica.jpg"}],"twitter_card":"summary_large_image","twitter_misc":{"Est. reading time":"2 minutes"},"schema":{"@context":"https:\/\/schema.org","@graph":[{"@type":"WebPage","@id":"https:\/\/indjijatravel.rs\/eng\/birth-house-of-dorde-natosevic\/","url":"https:\/\/indjijatravel.rs\/eng\/birth-house-of-dorde-natosevic\/","name":"Birth House of \u0110or\u0111e Nato\u0161evi\u0107 - Tourist organization of the Municipality of In\u0111ija","isPartOf":{"@id":"https:\/\/indjijatravel.rs\/eng\/#website"},"datePublished":"2022-10-21T09:27:17+00:00","dateModified":"2022-10-21T09:27:18+00:00","description":"\u0110or\u0111e Nato\u0161evi\u0107's birth house is located on the banks of the Danube. It is assumed that it was built at the beginning of the 19th century ...","breadcrumb":{"@id":"https:\/\/indjijatravel.rs\/eng\/birth-house-of-dorde-natosevic\/#breadcrumb"},"inLanguage":"en-US","potentialAction":[{"@type":"ReadAction","target":["https:\/\/indjijatravel.rs\/eng\/birth-house-of-dorde-natosevic\/"]}]},{"@type":"BreadcrumbList","@id":"https:\/\/indjijatravel.rs\/eng\/birth-house-of-dorde-natosevic\/#breadcrumb","itemListElement":[{"@type":"ListItem","position":1,"name":"\u041f\u043e\u0447\u0435\u0442\u043d\u0430","item":"https:\/\/indjijatravel.rs\/eng\/"},{"@type":"ListItem","position":2,"name":"Birth House of \u0110or\u0111e Nato\u0161evi\u0107"}]},{"@type":"WebSite","@id":"https:\/\/indjijatravel.rs\/eng\/#website","url":"https:\/\/indjijatravel.rs\/eng\/","name":"Tourist organization of the Municipality of In\u0111ija","description":"","potentialAction":[{"@type":"SearchAction","target":{"@type":"EntryPoint","urlTemplate":"https:\/\/indjijatravel.rs\/eng\/?s={search_term_string}"},"query-input":"required name=search_term_string"}],"inLanguage":"en-US"}]}},"_links":{"self":[{"href":"https:\/\/indjijatravel.rs\/eng\/wp-json\/wp\/v2\/pages\/647","targetHints":{"allow":["GET"]}}],"collection":[{"href":"https:\/\/indjijatravel.rs\/eng\/wp-json\/wp\/v2\/pages"}],"about":[{"href":"https:\/\/indjijatravel.rs\/eng\/wp-json\/wp\/v2\/types\/page"}],"author":[{"embeddable":true,"href":"https:\/\/indjijatravel.rs\/eng\/wp-json\/wp\/v2\/users\/1"}],"replies":[{"embeddable":true,"href":"https:\/\/indjijatravel.rs\/eng\/wp-json\/wp\/v2\/comments?post=647"}],"version-history":[{"count":1,"href":"https:\/\/indjijatravel.rs\/eng\/wp-json\/wp\/v2\/pages\/647\/revisions"}],"predecessor-version":[{"id":649,"href":"https:\/\/indjijatravel.rs\/eng\/wp-json\/wp\/v2\/pages\/647\/revisions\/649"}],"wp:attachment":[{"href":"https:\/\/indjijatravel.rs\/eng\/wp-json\/wp\/v2\/media?parent=647"}],"curies":[{"name":"wp","href":"https:\/\/api.w.org\/{rel}","templated":true}]}}