{"id":692,"date":"2022-10-21T10:15:59","date_gmt":"2022-10-21T10:15:59","guid":{"rendered":"https:\/\/indjijatravel.rs\/eng\/?page_id=692"},"modified":"2022-10-21T10:16:00","modified_gmt":"2022-10-21T10:16:00","slug":"monument-to-queen-maria","status":"publish","type":"page","link":"https:\/\/indjijatravel.rs\/eng\/monument-to-queen-maria\/","title":{"rendered":"Monument to queen Maria"},"content":{"rendered":"\n<h5 class=\"wp-block-heading\">Monument to queen Maria<\/h5>\n\n\n\n<p><em><strong><em>The most beloved Serbian queen<\/em><\/strong><\/em><\/p>\n\n\n\n<p>The monument to Queen Maria is located in In\u0111ija, in the park named after the Queen. It was built with voluntary contributions on 8 November 2021, on Mitrovdan, the day commemorating the liberation of In\u0111ija in the World War I. The bust of Queen Maria in In\u0111ija is the first bust of Queen Maria in Serbia.<\/p>\n\n\n\n<p>Queen Maria was the second daughter of King Ferdinand of Romania and Queen Marie of Romania. She was born in Gotha (Thuringia, Germany) on 9 January 1900 and died in London on 22 June 1961. Queen Maria married King Alexander I of Yugoslavia in Belgrade on 8 June 1922. She was the epitome of a devoted and caring wife and mother. She had three sons with him &#8211; Crown Prince Peter and Princes Tomislav and Andrej.<\/p>\n\n\n<div class=\"wp-block-image\">\n<figure class=\"aligncenter size-full\"><img decoding=\"async\" src=\"https:\/\/indjijatravel.rs\/wp-content\/uploads\/2022\/08\/Spomenik-kraljici-Mariji.jpg\" alt=\"\" class=\"wp-image-4737\"\/><\/figure>\n<\/div>\n\n\n<p>She was very educated and the first woman with a driver&#8217;s license in the Balkans, but what stood out most about her was her humanity. During the World War I, she worked with her mother in a hospital caring for the wounded. After the assassination of King Alexander I in Marseilles on 9 October 1934, she continued to care for her sons and became Queen Mother. During the World War II, she was very active in the Red Cross, through which she sent significant humanitarian aid to Yugoslavia, which she did not sign with her name, but with the pseudonym \u201dMarija K. \u0110or\u0111evi\u0107\u201d.<\/p>\n\n\n\n<p>After World War II, she lived modestly on her estate in Kent, England. General Charles de Gaulle decorated her with the Grand Cross of the Legion of Honour.<\/p>\n\n\n\n<p>Queen Maria was buried in the Royal Burial Ground in Frogmore, next to Windsor Castle (England). In May 2013, her remains were repatriated to the Royal Mausoleum in Oplenac.<\/p>\n\n\n\n<p>She was the most beloved Serbian queen.<\/p>\n","protected":false},"excerpt":{"rendered":"<p>Monument to queen Maria The most beloved Serbian queen The monument to Queen Maria is located in In\u0111ija, in the park named after the Queen. It was built with voluntary contributions on 8 November 2021, on Mitrovdan, the day commemorating the liberation of In\u0111ija in the World War I. The bust of Queen Maria in [&hellip;]<\/p>\n","protected":false},"author":1,"featured_media":0,"parent":0,"menu_order":0,"comment_status":"closed","ping_status":"closed","template":"","meta":{"_monsterinsights_skip_tracking":false,"_monsterinsights_sitenote_active":false,"_monsterinsights_sitenote_note":"","_monsterinsights_sitenote_category":0,"footnotes":""},"class_list":["post-692","page","type-page","status-publish","hentry","no-thumb"],"yoast_head":"<!-- This site is optimized with the Yoast SEO plugin v19.7.1 - https:\/\/yoast.com\/wordpress\/plugins\/seo\/ -->\n<title>Monument to queen Maria - Tourist organization of the Municipality of In\u0111ija<\/title>\n<meta name=\"description\" content=\"The monument to Queen Maria is located in In\u0111ija, in the park named after the Queen. It was built with voluntary contributions on 8 Nov 2021\" \/>\n<meta name=\"robots\" content=\"index, follow, max-snippet:-1, max-image-preview:large, max-video-preview:-1\" \/>\n<link rel=\"canonical\" href=\"https:\/\/indjijatravel.rs\/eng\/monument-to-queen-maria\/\" \/>\n<meta property=\"og:locale\" content=\"en_US\" \/>\n<meta property=\"og:type\" content=\"article\" \/>\n<meta property=\"og:title\" content=\"Monument to queen Maria - Tourist organization of the Municipality of In\u0111ija\" \/>\n<meta property=\"og:description\" content=\"The monument to Queen Maria is located in In\u0111ija, in the park named after the Queen. It was built with voluntary contributions on 8 Nov 2021\" \/>\n<meta property=\"og:url\" content=\"https:\/\/indjijatravel.rs\/eng\/monument-to-queen-maria\/\" \/>\n<meta property=\"og:site_name\" content=\"Tourist organization of the Municipality of In\u0111ija\" \/>\n<meta property=\"article:modified_time\" content=\"2022-10-21T10:16:00+00:00\" \/>\n<meta property=\"og:image\" content=\"https:\/\/indjijatravel.rs\/wp-content\/uploads\/2022\/08\/Spomenik-kraljici-Mariji.jpg\" \/>\n<meta name=\"twitter:card\" content=\"summary_large_image\" \/>\n<meta name=\"twitter:label1\" content=\"Est. reading time\" \/>\n\t<meta name=\"twitter:data1\" content=\"2 minutes\" \/>\n<script type=\"application\/ld+json\" class=\"yoast-schema-graph\">{\"@context\":\"https:\/\/schema.org\",\"@graph\":[{\"@type\":\"WebPage\",\"@id\":\"https:\/\/indjijatravel.rs\/eng\/monument-to-queen-maria\/\",\"url\":\"https:\/\/indjijatravel.rs\/eng\/monument-to-queen-maria\/\",\"name\":\"Monument to queen Maria - Tourist organization of the Municipality of In\u0111ija\",\"isPartOf\":{\"@id\":\"https:\/\/indjijatravel.rs\/eng\/#website\"},\"datePublished\":\"2022-10-21T10:15:59+00:00\",\"dateModified\":\"2022-10-21T10:16:00+00:00\",\"description\":\"The monument to Queen Maria is located in In\u0111ija, in the park named after the Queen. It was built with voluntary contributions on 8 Nov 2021\",\"breadcrumb\":{\"@id\":\"https:\/\/indjijatravel.rs\/eng\/monument-to-queen-maria\/#breadcrumb\"},\"inLanguage\":\"en-US\",\"potentialAction\":[{\"@type\":\"ReadAction\",\"target\":[\"https:\/\/indjijatravel.rs\/eng\/monument-to-queen-maria\/\"]}]},{\"@type\":\"BreadcrumbList\",\"@id\":\"https:\/\/indjijatravel.rs\/eng\/monument-to-queen-maria\/#breadcrumb\",\"itemListElement\":[{\"@type\":\"ListItem\",\"position\":1,\"name\":\"\u041f\u043e\u0447\u0435\u0442\u043d\u0430\",\"item\":\"https:\/\/indjijatravel.rs\/eng\/\"},{\"@type\":\"ListItem\",\"position\":2,\"name\":\"Monument to queen Maria\"}]},{\"@type\":\"WebSite\",\"@id\":\"https:\/\/indjijatravel.rs\/eng\/#website\",\"url\":\"https:\/\/indjijatravel.rs\/eng\/\",\"name\":\"Tourist organization of the Municipality of In\u0111ija\",\"description\":\"\",\"potentialAction\":[{\"@type\":\"SearchAction\",\"target\":{\"@type\":\"EntryPoint\",\"urlTemplate\":\"https:\/\/indjijatravel.rs\/eng\/?s={search_term_string}\"},\"query-input\":\"required name=search_term_string\"}],\"inLanguage\":\"en-US\"}]}<\/script>\n<!-- \/ Yoast SEO plugin. -->","yoast_head_json":{"title":"Monument to queen Maria - Tourist organization of the Municipality of In\u0111ija","description":"The monument to Queen Maria is located in In\u0111ija, in the park named after the Queen. It was built with voluntary contributions on 8 Nov 2021","robots":{"index":"index","follow":"follow","max-snippet":"max-snippet:-1","max-image-preview":"max-image-preview:large","max-video-preview":"max-video-preview:-1"},"canonical":"https:\/\/indjijatravel.rs\/eng\/monument-to-queen-maria\/","og_locale":"en_US","og_type":"article","og_title":"Monument to queen Maria - Tourist organization of the Municipality of In\u0111ija","og_description":"The monument to Queen Maria is located in In\u0111ija, in the park named after the Queen. It was built with voluntary contributions on 8 Nov 2021","og_url":"https:\/\/indjijatravel.rs\/eng\/monument-to-queen-maria\/","og_site_name":"Tourist organization of the Municipality of In\u0111ija","article_modified_time":"2022-10-21T10:16:00+00:00","og_image":[{"url":"https:\/\/indjijatravel.rs\/wp-content\/uploads\/2022\/08\/Spomenik-kraljici-Mariji.jpg"}],"twitter_card":"summary_large_image","twitter_misc":{"Est. reading time":"2 minutes"},"schema":{"@context":"https:\/\/schema.org","@graph":[{"@type":"WebPage","@id":"https:\/\/indjijatravel.rs\/eng\/monument-to-queen-maria\/","url":"https:\/\/indjijatravel.rs\/eng\/monument-to-queen-maria\/","name":"Monument to queen Maria - Tourist organization of the Municipality of In\u0111ija","isPartOf":{"@id":"https:\/\/indjijatravel.rs\/eng\/#website"},"datePublished":"2022-10-21T10:15:59+00:00","dateModified":"2022-10-21T10:16:00+00:00","description":"The monument to Queen Maria is located in In\u0111ija, in the park named after the Queen. It was built with voluntary contributions on 8 Nov 2021","breadcrumb":{"@id":"https:\/\/indjijatravel.rs\/eng\/monument-to-queen-maria\/#breadcrumb"},"inLanguage":"en-US","potentialAction":[{"@type":"ReadAction","target":["https:\/\/indjijatravel.rs\/eng\/monument-to-queen-maria\/"]}]},{"@type":"BreadcrumbList","@id":"https:\/\/indjijatravel.rs\/eng\/monument-to-queen-maria\/#breadcrumb","itemListElement":[{"@type":"ListItem","position":1,"name":"\u041f\u043e\u0447\u0435\u0442\u043d\u0430","item":"https:\/\/indjijatravel.rs\/eng\/"},{"@type":"ListItem","position":2,"name":"Monument to queen Maria"}]},{"@type":"WebSite","@id":"https:\/\/indjijatravel.rs\/eng\/#website","url":"https:\/\/indjijatravel.rs\/eng\/","name":"Tourist organization of the Municipality of In\u0111ija","description":"","potentialAction":[{"@type":"SearchAction","target":{"@type":"EntryPoint","urlTemplate":"https:\/\/indjijatravel.rs\/eng\/?s={search_term_string}"},"query-input":"required name=search_term_string"}],"inLanguage":"en-US"}]}},"_links":{"self":[{"href":"https:\/\/indjijatravel.rs\/eng\/wp-json\/wp\/v2\/pages\/692","targetHints":{"allow":["GET"]}}],"collection":[{"href":"https:\/\/indjijatravel.rs\/eng\/wp-json\/wp\/v2\/pages"}],"about":[{"href":"https:\/\/indjijatravel.rs\/eng\/wp-json\/wp\/v2\/types\/page"}],"author":[{"embeddable":true,"href":"https:\/\/indjijatravel.rs\/eng\/wp-json\/wp\/v2\/users\/1"}],"replies":[{"embeddable":true,"href":"https:\/\/indjijatravel.rs\/eng\/wp-json\/wp\/v2\/comments?post=692"}],"version-history":[{"count":1,"href":"https:\/\/indjijatravel.rs\/eng\/wp-json\/wp\/v2\/pages\/692\/revisions"}],"predecessor-version":[{"id":693,"href":"https:\/\/indjijatravel.rs\/eng\/wp-json\/wp\/v2\/pages\/692\/revisions\/693"}],"wp:attachment":[{"href":"https:\/\/indjijatravel.rs\/eng\/wp-json\/wp\/v2\/media?parent=692"}],"curies":[{"name":"wp","href":"https:\/\/api.w.org\/{rel}","templated":true}]}}