{"id":80,"date":"2017-12-12T09:51:15","date_gmt":"2017-12-12T09:51:15","guid":{"rendered":"http:\/\/indjijatravel.rs\/eng\/?page_id=80"},"modified":"2022-10-05T08:33:43","modified_gmt":"2022-10-05T08:33:43","slug":"restaurants","status":"publish","type":"page","link":"https:\/\/indjijatravel.rs\/eng\/restaurants\/","title":{"rendered":"Restaurants"},"content":{"rendered":"\n<h5 class=\"wp-block-heading\">Restaurants<\/h5>\n\n\n\n<p> <\/p>\n\n\n\n<div class=\"wp-block-group\"><div class=\"wp-block-group__inner-container is-layout-flow wp-block-group-is-layout-flow\">\n<div class=\"wp-block-group\"><div class=\"wp-block-group__inner-container is-layout-flow wp-block-group-is-layout-flow\">\n<div class=\"wp-block-media-text alignwide has-media-on-the-right is-stacked-on-mobile\" style=\"grid-template-columns:auto 42%\"><figure class=\"wp-block-media-text__media\"><img decoding=\"async\" src=\"http:\/\/indjijatravel.rs\/wp-content\/uploads\/2022\/02\/maria-partel-1.jpg\" alt=\"\" class=\"wp-image-3901 size-full\"\/><\/figure><div class=\"wp-block-media-text__content\">\n<p><strong>&#8220;MARIA PARTEL<\/strong>&#8220;<br>Novosadska 2, Sloboda Shopping Centre III\/1, In\u0111ija<br>022 565 920<br><a href=\"http:\/\/www.mariapartel.rs\/\">www.mariapartel.rs<\/a><\/p>\n<\/div><\/div>\n\n\n\n<p> <\/p>\n\n\n\n<div class=\"wp-block-media-text alignwide has-media-on-the-right is-stacked-on-mobile\" style=\"grid-template-columns:auto 42%\"><figure class=\"wp-block-media-text__media\"><img decoding=\"async\" src=\"http:\/\/indjijatravel.rs\/wp-content\/uploads\/2022\/02\/goti-4.jpg\" alt=\"\" class=\"wp-image-3915 size-full\"\/><\/figure><div class=\"wp-block-media-text__content\">\n<p><strong>&#8220;GOTTI&#8221;<br><\/strong>Vojvode Stepe 6, In\u0111ija<br>069 606 052<\/p>\n<\/div><\/div>\n\n\n\n<p> <\/p>\n\n\n\n<div class=\"wp-block-media-text alignwide has-media-on-the-right is-stacked-on-mobile\" style=\"grid-template-columns:auto 42%\"><figure class=\"wp-block-media-text__media\"><img decoding=\"async\" src=\"http:\/\/indjijatravel.rs\/wp-content\/uploads\/2022\/02\/korzo.jpg\" alt=\"\" class=\"wp-image-3902 size-full\"\/><\/figure><div class=\"wp-block-media-text__content\">\n<p><strong>&#8220;CORSO<\/strong>&#8220;<br>Trg Slobode 2, In\u0111ija<br>022 55 90 00<\/p>\n<\/div><\/div>\n\n\n\n<p> <\/p>\n\n\n\n<div class=\"wp-block-media-text alignwide has-media-on-the-right is-stacked-on-mobile\" style=\"grid-template-columns:auto 42%\"><figure class=\"wp-block-media-text__media\"><img decoding=\"async\" src=\"http:\/\/indjijatravel.rs\/wp-content\/uploads\/2022\/02\/3.jpg\" alt=\"\" class=\"wp-image-3913 size-full\"\/><\/figure><div class=\"wp-block-media-text__content\">\n<p><strong>&#8220;PERLA&#8221;<br><\/strong>Du\u0161ana Jerkovi\u0107a 9, In\u0111ija<br>063 80 21 080<\/p>\n<\/div><\/div>\n\n\n\n<p> <\/p>\n\n\n\n<div class=\"wp-block-media-text alignwide has-media-on-the-right is-stacked-on-mobile\" style=\"grid-template-columns:auto 42%\"><figure class=\"wp-block-media-text__media\"><img decoding=\"async\" src=\"http:\/\/indjijatravel.rs\/wp-content\/uploads\/2022\/02\/4D-1.jpg\" alt=\"\" class=\"wp-image-3914 size-full\"\/><\/figure><div class=\"wp-block-media-text__content\">\n<p><strong>&#8220;4D&#8221;<br><\/strong>Kralja Petra I 30, In\u0111ija<br>064 55 07 781<\/p>\n<\/div><\/div>\n\n\n\n<p> <\/p>\n\n\n\n<div class=\"wp-block-media-text alignwide has-media-on-the-right is-stacked-on-mobile\" style=\"grid-template-columns:auto 42%\"><figure class=\"wp-block-media-text__media\"><img decoding=\"async\" src=\"http:\/\/indjijatravel.rs\/wp-content\/uploads\/2022\/02\/mala-stanica-3.jpg\" alt=\"\" class=\"wp-image-3903 size-full\"\/><\/figure><div class=\"wp-block-media-text__content\">\n<p><strong>TAVERN &#8220;MALA STANICA&#8221;<\/strong><br>Kralja Petra I 147, In\u0111ija<br>064 55 98 717<\/p>\n<\/div><\/div>\n\n\n\n<p> <\/p>\n\n\n\n<div class=\"wp-block-media-text alignwide has-media-on-the-right is-stacked-on-mobile\" style=\"grid-template-columns:auto 42%\"><figure class=\"wp-block-media-text__media\"><img decoding=\"async\" src=\"http:\/\/indjijatravel.rs\/wp-content\/uploads\/2022\/02\/vrelo-knin-1-1024x683.jpg\" alt=\"\" class=\"wp-image-3916 size-full\"\/><\/figure><div class=\"wp-block-media-text__content\">\n<p><strong>TAVERN &#8220;VRELO KNIN&#8221;<br><\/strong>\u017darka Zrenjanina 2, In\u0111ija<br>022 559 424<\/p>\n<\/div><\/div>\n\n\n\n<p> <\/p>\n\n\n\n<div class=\"wp-block-media-text alignwide has-media-on-the-right is-stacked-on-mobile\" style=\"grid-template-columns:auto 42%\"><figure class=\"wp-block-media-text__media\"><img decoding=\"async\" src=\"http:\/\/indjijatravel.rs\/wp-content\/uploads\/2022\/02\/Monogram-1-1.jpg\" alt=\"\" class=\"wp-image-3904 size-full\"\/><\/figure><div class=\"wp-block-media-text__content\">\n<p><strong>&#8220;MONOGRAM&#8221;<\/strong><br>Novosadski put bb, Maradik<br>062 40 04 14<br><a href=\"http:\/\/www.mvmonogram.rs\">www.mvmonogram.rs<\/a><\/p>\n<\/div><\/div>\n\n\n\n<p> <\/p>\n\n\n\n<div class=\"wp-block-media-text alignwide has-media-on-the-right is-stacked-on-mobile\" style=\"grid-template-columns:auto 42%\"><figure class=\"wp-block-media-text__media\"><img decoding=\"async\" src=\"http:\/\/indjijatravel.rs\/wp-content\/uploads\/2022\/02\/56470441_2664190746930741_4685610454360260608_o.jpg\" alt=\"\" class=\"wp-image-3917 size-full\"\/><\/figure><div class=\"wp-block-media-text__content\">\n<p><strong>&#8220;GIARDINO OUTLET&#8221;<br><\/strong>Fashion Park Outlet<br>Vojvode Putnika bb, In\u0111ija<br>\u200b022 21 50 328, 064 00 06 622<br><a href=\"http:\/\/www.giardinooutlet.com\/\">www.giardinooutlet.com<\/a><\/p>\n<\/div><\/div>\n\n\n\n<p> <\/p>\n\n\n\n<div class=\"wp-block-media-text alignwide has-media-on-the-right is-stacked-on-mobile\" style=\"grid-template-columns:auto 42%\"><figure class=\"wp-block-media-text__media\"><img decoding=\"async\" src=\"http:\/\/indjijatravel.rs\/wp-content\/uploads\/2022\/02\/viber_image_2022-02-11_14-44-10-079.jpg\" alt=\"\" class=\"wp-image-3924 size-full\"\/><\/figure><div class=\"wp-block-media-text__content\">\n<p><strong>&#8220;SIDRO&#8221;<\/strong><br>Dunavska obala bb, Be\u0161ka<br>022 572 001, 063 11 36 024<br><a href=\"http:\/\/www.sidro.co.rs\/\">www.sidro.co.rs<\/a><\/p>\n<\/div><\/div>\n\n\n\n<p> <\/p>\n\n\n\n<div class=\"wp-block-media-text alignwide has-media-on-the-right is-stacked-on-mobile\" style=\"grid-template-columns:auto 42%\"><figure class=\"wp-block-media-text__media\"><img decoding=\"async\" src=\"http:\/\/indjijatravel.rs\/wp-content\/uploads\/2022\/02\/park-2.jpg\" alt=\"\" class=\"wp-image-3918 size-full\"\/><\/figure><div class=\"wp-block-media-text__content\">\n<p><strong>&#8220;PARK&#8221;<\/strong><br>Trg Danice Jovanovi\u0107, Be\u0161ka<br>060 57 02 780<br><a href=\"http:\/\/www.parkbeska.rs\">www.parkbeska.rs<\/a><\/p>\n<\/div><\/div>\n\n\n\n<p> <\/p>\n\n\n\n<div class=\"wp-block-media-text alignwide has-media-on-the-right is-stacked-on-mobile\" style=\"grid-template-columns:auto 42%\"><figure class=\"wp-block-media-text__media\"><img decoding=\"async\" src=\"http:\/\/indjijatravel.rs\/wp-content\/uploads\/2022\/02\/merak-mi-je-1.jpg\" alt=\"\" class=\"wp-image-3923 size-full\"\/><\/figure><div class=\"wp-block-media-text__content\">\n<p><strong>&#8220;MERAK MI JE&#8221;<\/strong><br>Cara Du\u0161ana 90, Kr\u010dedin<br>064 11 05 306<br><a href=\"http:\/\/www.merakmije.rs\/\">www.merakmije.rs<\/a><\/p>\n<\/div><\/div>\n\n\n\n<p> <\/p>\n\n\n\n<div class=\"wp-block-media-text alignwide has-media-on-the-right is-stacked-on-mobile\" style=\"grid-template-columns:auto 42%\"><figure class=\"wp-block-media-text__media\"><img decoding=\"async\" src=\"http:\/\/indjijatravel.rs\/wp-content\/uploads\/2022\/02\/lovacka-prica.jpg\" alt=\"\" class=\"wp-image-3925 size-full\"\/><\/figure><div class=\"wp-block-media-text__content\">\n<p><strong>TAVERN &#8220;LOVA\u010cKA PRI\u010cA&#8221;<\/strong><br>Nade Jano\u0161evi\u0107 4, Kr\u010dedin<br>064 21 66 735&nbsp;&nbsp;&nbsp;<\/p>\n<\/div><\/div>\n\n\n\n<p> <\/p>\n\n\n\n<div class=\"wp-block-media-text alignwide has-media-on-the-right is-stacked-on-mobile\" style=\"grid-template-columns:auto 42%\"><figure class=\"wp-block-media-text__media\"><img decoding=\"async\" src=\"http:\/\/indjijatravel.rs\/wp-content\/uploads\/2022\/02\/67168597_398367054126457_8755629937743888384_n.jpg\" alt=\"\" class=\"wp-image-3926 size-full\"\/><\/figure><div class=\"wp-block-media-text__content\">\n<p><strong>&#8220;KEJ&#8221;<br><\/strong>Vojvode Stepe bb, Stari Slankamen<br>022 25 91 088 <br><a href=\"http:\/\/www.restorankej.com\/\">www.restorankej.com<\/a><\/p>\n<\/div><\/div>\n\n\n\n<p> <\/p>\n\n\n\n<div class=\"wp-block-media-text alignwide has-media-on-the-right is-stacked-on-mobile\" style=\"grid-template-columns:auto 42%\"><figure class=\"wp-block-media-text__media\"><img decoding=\"async\" src=\"http:\/\/indjijatravel.rs\/wp-content\/uploads\/2022\/02\/mika-alas-2.jpg\" alt=\"\" class=\"wp-image-3927 size-full\"\/><\/figure><div class=\"wp-block-media-text__content\">\n<p><strong>&#8220;MIKA ALAS&#8221;<br><\/strong>Dositeja Obradovi\u0107a 6, Stari Slankamen<br>022 25 92 845, 063 81 48 481<\/p>\n<\/div><\/div>\n\n\n\n<p> <\/p>\n\n\n\n<div class=\"wp-block-media-text alignwide has-media-on-the-right is-stacked-on-mobile\" style=\"grid-template-columns:auto 42%\"><figure class=\"wp-block-media-text__media\"><img decoding=\"async\" src=\"http:\/\/indjijatravel.rs\/wp-content\/uploads\/2022\/02\/rustik.jpg\" alt=\"\" class=\"wp-image-3928 size-full\"\/><\/figure><div class=\"wp-block-media-text__content\">\n<p><strong>ETHNO RESTAURANT &#8220;RUSTIK&#8221;<br><\/strong>Grkova 1a, Stari Slankamen<br>064 11 22 660 <br><a href=\"http:\/\/www.restoranrustik.rs\/\">www.restoranrustik.rs<\/a><\/p>\n<\/div><\/div>\n\n\n\n<p> <\/p>\n<\/div><\/div>\n\n\n\n<p> <\/p>\n<\/div><\/div>\n\n\n\n<h5 class=\"has-text-align-right wp-block-heading\">&nbsp; &nbsp;&nbsp;<\/h5>\n","protected":false},"excerpt":{"rendered":"<p>Restaurants &#8220;MARIA PARTEL&#8220;Novosadska 2, Sloboda Shopping Centre III\/1, In\u0111ija022 565 920www.mariapartel.rs &#8220;GOTTI&#8221;Vojvode Stepe 6, In\u0111ija069 606 052 &#8220;CORSO&#8220;Trg Slobode 2, In\u0111ija022 55 90 00 &#8220;PERLA&#8221;Du\u0161ana Jerkovi\u0107a 9, In\u0111ija063 80 21 080 &#8220;4D&#8221;Kralja Petra I 30, In\u0111ija064 55 07 781 TAVERN &#8220;MALA STANICA&#8221;Kralja Petra I 147, In\u0111ija064 55 98 717 TAVERN &#8220;VRELO KNIN&#8221;\u017darka Zrenjanina 2, In\u0111ija022 [&hellip;]<\/p>\n","protected":false},"author":1,"featured_media":0,"parent":0,"menu_order":0,"comment_status":"closed","ping_status":"closed","template":"","meta":{"_monsterinsights_skip_tracking":false,"_monsterinsights_sitenote_active":false,"_monsterinsights_sitenote_note":"","_monsterinsights_sitenote_category":0,"footnotes":""},"class_list":["post-80","page","type-page","status-publish","hentry","no-thumb"],"yoast_head":"<!-- This site is optimized with the Yoast SEO plugin v19.7.1 - https:\/\/yoast.com\/wordpress\/plugins\/seo\/ -->\n<title>Restaurants - Tourist organization of the Municipality of In\u0111ija<\/title>\n<meta name=\"robots\" content=\"index, follow, max-snippet:-1, max-image-preview:large, max-video-preview:-1\" \/>\n<link rel=\"canonical\" href=\"http:\/\/indjijatravel.rs\/eng\/restaurants\/\" \/>\n<meta property=\"og:locale\" content=\"en_US\" \/>\n<meta property=\"og:type\" content=\"article\" \/>\n<meta property=\"og:title\" content=\"Restaurants - Tourist organization of the Municipality of In\u0111ija\" \/>\n<meta property=\"og:description\" content=\"Restaurants &#8220;MARIA PARTEL&#8220;Novosadska 2, Sloboda Shopping Centre III\/1, In\u0111ija022 565 920www.mariapartel.rs &#8220;GOTTI&#8221;Vojvode Stepe 6, In\u0111ija069 606 052 &#8220;CORSO&#8220;Trg Slobode 2, In\u0111ija022 55 90 00 &#8220;PERLA&#8221;Du\u0161ana Jerkovi\u0107a 9, In\u0111ija063 80 21 080 &#8220;4D&#8221;Kralja Petra I 30, In\u0111ija064 55 07 781 TAVERN &#8220;MALA STANICA&#8221;Kralja Petra I 147, In\u0111ija064 55 98 717 TAVERN &#8220;VRELO KNIN&#8221;\u017darka Zrenjanina 2, In\u0111ija022 [&hellip;]\" \/>\n<meta property=\"og:url\" content=\"http:\/\/indjijatravel.rs\/eng\/restaurants\/\" \/>\n<meta property=\"og:site_name\" content=\"Tourist organization of the Municipality of In\u0111ija\" \/>\n<meta property=\"article:modified_time\" content=\"2022-10-05T08:33:43+00:00\" \/>\n<meta property=\"og:image\" content=\"http:\/\/indjijatravel.rs\/wp-content\/uploads\/2022\/02\/maria-partel-1.jpg\" \/>\n<meta name=\"twitter:card\" content=\"summary_large_image\" \/>\n<meta name=\"twitter:label1\" content=\"Est. reading time\" \/>\n\t<meta name=\"twitter:data1\" content=\"5 minutes\" \/>\n<script type=\"application\/ld+json\" class=\"yoast-schema-graph\">{\"@context\":\"https:\/\/schema.org\",\"@graph\":[{\"@type\":\"WebPage\",\"@id\":\"http:\/\/indjijatravel.rs\/eng\/restaurants\/\",\"url\":\"http:\/\/indjijatravel.rs\/eng\/restaurants\/\",\"name\":\"Restaurants - Tourist organization of the Municipality of In\u0111ija\",\"isPartOf\":{\"@id\":\"https:\/\/indjijatravel.rs\/eng\/#website\"},\"datePublished\":\"2017-12-12T09:51:15+00:00\",\"dateModified\":\"2022-10-05T08:33:43+00:00\",\"breadcrumb\":{\"@id\":\"http:\/\/indjijatravel.rs\/eng\/restaurants\/#breadcrumb\"},\"inLanguage\":\"en-US\",\"potentialAction\":[{\"@type\":\"ReadAction\",\"target\":[\"http:\/\/indjijatravel.rs\/eng\/restaurants\/\"]}]},{\"@type\":\"BreadcrumbList\",\"@id\":\"http:\/\/indjijatravel.rs\/eng\/restaurants\/#breadcrumb\",\"itemListElement\":[{\"@type\":\"ListItem\",\"position\":1,\"name\":\"\u041f\u043e\u0447\u0435\u0442\u043d\u0430\",\"item\":\"https:\/\/indjijatravel.rs\/eng\/\"},{\"@type\":\"ListItem\",\"position\":2,\"name\":\"Restaurants\"}]},{\"@type\":\"WebSite\",\"@id\":\"https:\/\/indjijatravel.rs\/eng\/#website\",\"url\":\"https:\/\/indjijatravel.rs\/eng\/\",\"name\":\"Tourist organization of the Municipality of In\u0111ija\",\"description\":\"\",\"potentialAction\":[{\"@type\":\"SearchAction\",\"target\":{\"@type\":\"EntryPoint\",\"urlTemplate\":\"https:\/\/indjijatravel.rs\/eng\/?s={search_term_string}\"},\"query-input\":\"required name=search_term_string\"}],\"inLanguage\":\"en-US\"}]}<\/script>\n<!-- \/ Yoast SEO plugin. -->","yoast_head_json":{"title":"Restaurants - Tourist organization of the Municipality of In\u0111ija","robots":{"index":"index","follow":"follow","max-snippet":"max-snippet:-1","max-image-preview":"max-image-preview:large","max-video-preview":"max-video-preview:-1"},"canonical":"http:\/\/indjijatravel.rs\/eng\/restaurants\/","og_locale":"en_US","og_type":"article","og_title":"Restaurants - Tourist organization of the Municipality of In\u0111ija","og_description":"Restaurants &#8220;MARIA PARTEL&#8220;Novosadska 2, Sloboda Shopping Centre III\/1, In\u0111ija022 565 920www.mariapartel.rs &#8220;GOTTI&#8221;Vojvode Stepe 6, In\u0111ija069 606 052 &#8220;CORSO&#8220;Trg Slobode 2, In\u0111ija022 55 90 00 &#8220;PERLA&#8221;Du\u0161ana Jerkovi\u0107a 9, In\u0111ija063 80 21 080 &#8220;4D&#8221;Kralja Petra I 30, In\u0111ija064 55 07 781 TAVERN &#8220;MALA STANICA&#8221;Kralja Petra I 147, In\u0111ija064 55 98 717 TAVERN &#8220;VRELO KNIN&#8221;\u017darka Zrenjanina 2, In\u0111ija022 [&hellip;]","og_url":"http:\/\/indjijatravel.rs\/eng\/restaurants\/","og_site_name":"Tourist organization of the Municipality of In\u0111ija","article_modified_time":"2022-10-05T08:33:43+00:00","og_image":[{"url":"http:\/\/indjijatravel.rs\/wp-content\/uploads\/2022\/02\/maria-partel-1.jpg"}],"twitter_card":"summary_large_image","twitter_misc":{"Est. reading time":"5 minutes"},"schema":{"@context":"https:\/\/schema.org","@graph":[{"@type":"WebPage","@id":"http:\/\/indjijatravel.rs\/eng\/restaurants\/","url":"http:\/\/indjijatravel.rs\/eng\/restaurants\/","name":"Restaurants - Tourist organization of the Municipality of In\u0111ija","isPartOf":{"@id":"https:\/\/indjijatravel.rs\/eng\/#website"},"datePublished":"2017-12-12T09:51:15+00:00","dateModified":"2022-10-05T08:33:43+00:00","breadcrumb":{"@id":"http:\/\/indjijatravel.rs\/eng\/restaurants\/#breadcrumb"},"inLanguage":"en-US","potentialAction":[{"@type":"ReadAction","target":["http:\/\/indjijatravel.rs\/eng\/restaurants\/"]}]},{"@type":"BreadcrumbList","@id":"http:\/\/indjijatravel.rs\/eng\/restaurants\/#breadcrumb","itemListElement":[{"@type":"ListItem","position":1,"name":"\u041f\u043e\u0447\u0435\u0442\u043d\u0430","item":"https:\/\/indjijatravel.rs\/eng\/"},{"@type":"ListItem","position":2,"name":"Restaurants"}]},{"@type":"WebSite","@id":"https:\/\/indjijatravel.rs\/eng\/#website","url":"https:\/\/indjijatravel.rs\/eng\/","name":"Tourist organization of the Municipality of In\u0111ija","description":"","potentialAction":[{"@type":"SearchAction","target":{"@type":"EntryPoint","urlTemplate":"https:\/\/indjijatravel.rs\/eng\/?s={search_term_string}"},"query-input":"required name=search_term_string"}],"inLanguage":"en-US"}]}},"_links":{"self":[{"href":"https:\/\/indjijatravel.rs\/eng\/wp-json\/wp\/v2\/pages\/80","targetHints":{"allow":["GET"]}}],"collection":[{"href":"https:\/\/indjijatravel.rs\/eng\/wp-json\/wp\/v2\/pages"}],"about":[{"href":"https:\/\/indjijatravel.rs\/eng\/wp-json\/wp\/v2\/types\/page"}],"author":[{"embeddable":true,"href":"https:\/\/indjijatravel.rs\/eng\/wp-json\/wp\/v2\/users\/1"}],"replies":[{"embeddable":true,"href":"https:\/\/indjijatravel.rs\/eng\/wp-json\/wp\/v2\/comments?post=80"}],"version-history":[{"count":3,"href":"https:\/\/indjijatravel.rs\/eng\/wp-json\/wp\/v2\/pages\/80\/revisions"}],"predecessor-version":[{"id":276,"href":"https:\/\/indjijatravel.rs\/eng\/wp-json\/wp\/v2\/pages\/80\/revisions\/276"}],"wp:attachment":[{"href":"https:\/\/indjijatravel.rs\/eng\/wp-json\/wp\/v2\/media?parent=80"}],"curies":[{"name":"wp","href":"https:\/\/api.w.org\/{rel}","templated":true}]}}